CRAN Package Check Results for Package DirectEffects

Last updated on 2022-01-18 20:50:34 CET.

Flavor Version Tinstall Tcheck Ttotal Status Flags
r-devel-linux-x86_64-debian-clang 0.2.1 2.43 55.88 58.31 OK
r-devel-linux-x86_64-debian-gcc 0.2.1 2.19 46.78 48.97 OK
r-devel-linux-x86_64-fedora-clang 0.2.1 70.59 NOTE
r-devel-linux-x86_64-fedora-gcc 0.2.1 59.50 NOTE
r-devel-windows-x86_64-new-UL 0.2.1 43.00 80.00 123.00 OK
r-devel-windows-x86_64-new-TK 0.2.1 NOTE
r-patched-linux-x86_64 0.2.1 2.38 53.40 55.78 OK
r-release-linux-x86_64 0.2.1 OK
r-release-macos-arm64 0.2.1 NOTE
r-release-macos-x86_64 0.2.1 NOTE
r-release-windows-ix86+x86_64 0.2.1 8.00 66.00 74.00 OK
r-oldrel-macos-x86_64 0.2.1 NOTE
r-oldrel-windows-ix86+x86_64 0.2.1 7.00 67.00 74.00 OK

Check Details

Version: 0.2.1
Check: dependencies in R code
Result: NOTE
    Namespace in Imports field not imported from: ‘sandwich’
     All declared Imports should be used.
Flavors: r-devel-linux-x86_64-fedora-clang, r-devel-linux-x86_64-fedora-gcc, r-devel-windows-x86_64-new-TK, r-release-macos-arm64, r-release-macos-x86_64, r-oldrel-macos-x86_64