CRAN Package Check Results for Package DirectEffects

Last updated on 2020-01-25 08:49:53 CET.

Flavor Version Tinstall Tcheck Ttotal Status Flags
r-devel-linux-x86_64-debian-clang 0.2 2.85 44.45 47.30 OK
r-devel-linux-x86_64-debian-gcc 0.2 2.18 34.69 36.87 OK
r-devel-linux-x86_64-fedora-clang 0.2 56.76 NOTE
r-devel-linux-x86_64-fedora-gcc 0.2 55.85 NOTE
r-devel-windows-ix86+x86_64 0.2 10.00 77.00 87.00 OK
r-devel-windows-ix86+x86_64-gcc8 0.2 9.00 73.00 82.00 OK
r-patched-linux-x86_64 0.2 2.39 40.14 42.53 OK
r-patched-solaris-x86 0.2 71.90 NOTE
r-release-linux-x86_64 0.2 2.41 41.28 43.69 OK
r-release-windows-ix86+x86_64 0.2 8.00 49.00 57.00 OK
r-release-osx-x86_64 0.2 NOTE
r-oldrel-windows-ix86+x86_64 0.2 4.00 53.00 57.00 OK
r-oldrel-osx-x86_64 0.2 NOTE

Check Details

Version: 0.2
Check: dependencies in R code
Result: NOTE
    Namespace in Imports field not imported from: ‘sandwich’
     All declared Imports should be used.
Flavors: r-devel-linux-x86_64-fedora-clang, r-devel-linux-x86_64-fedora-gcc, r-patched-solaris-x86, r-release-osx-x86_64, r-oldrel-osx-x86_64