CRAN Package Check Results for Package DirectEffects

Last updated on 2019-08-23 10:48:11 CEST.

Flavor Version Tinstall Tcheck Ttotal Status Flags
r-devel-linux-x86_64-debian-clang 0.2 2.96 39.66 42.62 OK
r-devel-linux-x86_64-debian-gcc 0.2 2.35 31.89 34.24 OK
r-devel-linux-x86_64-fedora-clang 0.2 54.05 NOTE
r-devel-linux-x86_64-fedora-gcc 0.2 51.48 NOTE
r-devel-windows-ix86+x86_64 0.2 5.00 52.00 57.00 OK
r-patched-linux-x86_64 0.2 2.34 40.21 42.55 OK
r-patched-solaris-x86 0.2 74.40 NOTE
r-release-linux-x86_64 0.2 2.77 40.60 43.37 OK
r-release-windows-ix86+x86_64 0.2 8.00 70.00 78.00 OK
r-release-osx-x86_64 0.2 NOTE
r-oldrel-windows-ix86+x86_64 0.2 5.00 78.00 83.00 OK
r-oldrel-osx-x86_64 0.2 NOTE

Check Details

Version: 0.2
Check: dependencies in R code
Result: NOTE
    Namespace in Imports field not imported from: ‘sandwich’
     All declared Imports should be used.
Flavors: r-devel-linux-x86_64-fedora-clang, r-devel-linux-x86_64-fedora-gcc, r-patched-solaris-x86, r-release-osx-x86_64, r-oldrel-osx-x86_64