CRAN Package Check Results for Package DirectEffects

Last updated on 2024-02-27 19:54:35 CET.

Flavor Version Tinstall Tcheck Ttotal Status Flags
r-devel-linux-x86_64-debian-clang 0.2.1 2.45 51.07 53.52 OK
r-devel-linux-x86_64-debian-gcc 0.2.1 1.98 38.52 40.50 OK
r-devel-linux-x86_64-fedora-clang 0.2.1 69.25 NOTE
r-devel-linux-x86_64-fedora-gcc 0.2.1 75.51 NOTE
r-devel-windows-x86_64 0.2.1 3.00 66.00 69.00 OK
r-patched-linux-x86_64 0.2.1 3.43 49.91 53.34 OK
r-release-linux-x86_64 0.2.1 2.30 48.98 51.28 OK
r-release-macos-arm64 0.2.1 32.00 OK
r-release-macos-x86_64 0.2.1 47.00 OK
r-release-windows-x86_64 0.2.1 5.00 73.00 78.00 OK
r-oldrel-macos-arm64 0.2.1 26.00 OK
r-oldrel-windows-x86_64 0.2.1 5.00 67.00 72.00 OK

Check Details

Version: 0.2.1
Check: dependencies in R code
Result: NOTE Namespace in Imports field not imported from: ‘sandwich’ All declared Imports should be used. Flavors: r-devel-linux-x86_64-fedora-clang, r-devel-linux-x86_64-fedora-gcc