CRAN Package Check Results for Package DiffusionRimp

Last updated on 2021-10-26 20:50:51 CEST.

Flavor Version Tinstall Tcheck Ttotal Status Flags
r-devel-linux-x86_64-debian-clang 0.1.2 30.60 55.15 85.75 OK
r-devel-linux-x86_64-debian-gcc 0.1.2 24.74 43.25 67.99 OK
r-devel-linux-x86_64-fedora-clang 0.1.2 129.20 NOTE
r-devel-linux-x86_64-fedora-gcc 0.1.2 111.25 NOTE
r-devel-windows-x86_64 0.1.2 44.00 93.00 137.00 OK
r-devel-windows-x86_64-gcc10-UCRT 0.1.2 OK
r-patched-linux-x86_64 0.1.2 28.40 55.57 83.97 OK
r-patched-solaris-x86 0.1.2 134.10 OK
r-release-linux-x86_64 0.1.2 27.95 55.67 83.62 OK
r-release-macos-arm64 0.1.2 OK
r-release-macos-x86_64 0.1.2 OK
r-release-windows-ix86+x86_64 0.1.2 56.00 102.00 158.00 OK
r-oldrel-macos-x86_64 0.1.2 OK
r-oldrel-windows-ix86+x86_64 0.1.2 78.00 115.00 193.00 OK

Check Details

Version: 0.1.2
Check: compiled code
Result: NOTE
    File ‘DiffusionRimp/libs/DiffusionRimp.so’:
     Found no calls to: ‘R_registerRoutines’, ‘R_useDynamicSymbols’
    
    It is good practice to register native routines and to disable symbol
    search.
    
    See ‘Writing portable packages’ in the ‘Writing R Extensions’ manual.
Flavors: r-devel-linux-x86_64-fedora-clang, r-devel-linux-x86_64-fedora-gcc