CRAN Package Check Results for Package DiffusionRgqd

Last updated on 2021-09-20 20:48:34 CEST.

Flavor Version Tinstall Tcheck Ttotal Status Flags
r-devel-linux-x86_64-debian-clang 0.1.3 47.10 93.92 141.02 OK
r-devel-linux-x86_64-debian-gcc 0.1.3 33.55 70.68 104.23 OK
r-devel-linux-x86_64-fedora-clang 0.1.3 189.81 NOTE
r-devel-linux-x86_64-fedora-gcc 0.1.3 164.07 NOTE
r-devel-windows-x86_64 0.1.3 43.00 86.00 129.00 NOTE
r-devel-windows-x86_64-gcc10-UCRT 0.1.3 ERROR
r-patched-linux-x86_64 0.1.3 35.94 94.10 130.04 OK
r-patched-solaris-x86 0.1.3 185.10 NOTE
r-release-linux-x86_64 0.1.3 35.93 93.57 129.50 OK
r-release-macos-arm64 0.1.3 NOTE
r-release-macos-x86_64 0.1.3 NOTE
r-release-windows-ix86+x86_64 0.1.3 94.00 141.00 235.00 NOTE
r-oldrel-macos-x86_64 0.1.3 NOTE
r-oldrel-windows-ix86+x86_64 0.1.3 91.00 139.00 230.00 NOTE

Check Details

Version: 0.1.3
Check: installed package size
Result: NOTE
     installed size is 6.7Mb
     sub-directories of 1Mb or more:
     doc 5.2Mb
Flavors: r-devel-linux-x86_64-fedora-clang, r-devel-windows-x86_64, r-patched-solaris-x86, r-release-macos-arm64, r-release-macos-x86_64, r-release-windows-ix86+x86_64, r-oldrel-macos-x86_64, r-oldrel-windows-ix86+x86_64

Version: 0.1.3
Check: compiled code
Result: NOTE
    File ‘DiffusionRgqd/libs/DiffusionRgqd.so’:
     Found no calls to: ‘R_registerRoutines’, ‘R_useDynamicSymbols’
    
    It is good practice to register native routines and to disable symbol
    search.
    
    See ‘Writing portable packages’ in the ‘Writing R Extensions’ manual.
Flavors: r-devel-linux-x86_64-fedora-clang, r-devel-linux-x86_64-fedora-gcc

Version: 0.1.3
Check: whether package can be installed
Result: ERROR
    Installation failed.
Flavor: r-devel-windows-x86_64-gcc10-UCRT