CRAN Package Check Results for Package DiSSMod

Last updated on 2021-09-22 08:50:04 CEST.

Flavor Version Tinstall Tcheck Ttotal Status Flags
r-devel-linux-x86_64-debian-clang 1.0.0 7.47 94.71 102.18 OK
r-devel-linux-x86_64-debian-gcc 1.0.0 6.58 66.88 73.46 OK
r-devel-linux-x86_64-fedora-clang 1.0.0 133.16 OK
r-devel-linux-x86_64-fedora-gcc 1.0.0 119.41 OK
r-devel-windows-x86_64 1.0.0 7.00 95.00 102.00 OK
r-devel-windows-x86_64-gcc10-UCRT 1.0.0 ERROR
r-patched-linux-x86_64 1.0.0 8.71 89.12 97.83 OK
r-patched-solaris-x86 1.0.0 166.80 OK
r-release-linux-x86_64 1.0.0 7.71 89.05 96.76 OK
r-release-macos-arm64 1.0.0 OK
r-release-macos-x86_64 1.0.0 OK
r-release-windows-ix86+x86_64 1.0.0 14.00 112.00 126.00 OK
r-oldrel-macos-x86_64 1.0.0 OK
r-oldrel-windows-ix86+x86_64 1.0.0 9.00 86.00 95.00 OK

Check Details

Version: 1.0.0
Check: PDF version of manual
Result: WARN
    LaTeX errors when creating PDF version.
    This typically indicates Rd problems.
Flavor: r-devel-windows-x86_64-gcc10-UCRT

Version: 1.0.0
Check: PDF version of manual without hyperrefs or index
Result: ERROR
    Re-running with no redirection of stdout/stderr.
Flavor: r-devel-windows-x86_64-gcc10-UCRT