CRAN Package Check Results for Package DecisionAnalysis

Last updated on 2019-08-21 10:47:25 CEST.

Flavor Version Tinstall Tcheck Ttotal Status Flags
r-devel-linux-x86_64-debian-clang 0.1.0 7.18 69.37 76.55 OK
r-devel-linux-x86_64-debian-gcc 0.1.0 6.72 53.00 59.72 OK
r-devel-linux-x86_64-fedora-clang 0.1.0 92.56 OK
r-devel-linux-x86_64-fedora-gcc 0.1.0 93.63 OK
r-devel-windows-ix86+x86_64 0.1.0 29.00 142.00 171.00 OK
r-patched-linux-x86_64 0.1.0 7.17 66.32 73.49 OK
r-patched-solaris-x86 0.1.0 142.20 WARN
r-release-linux-x86_64 0.1.0 6.92 65.59 72.51 OK
r-release-windows-ix86+x86_64 0.1.0 16.00 82.00 98.00 OK
r-release-osx-x86_64 0.1.0 WARN
r-oldrel-windows-ix86+x86_64 0.1.0 17.00 128.00 145.00 OK
r-oldrel-osx-x86_64 0.1.0 WARN

Check Details

Version: 0.1.0
Check: re-building of vignette outputs
Result: WARN
    Error(s) in re-building vignettes:
     ...
    --- re-building ‘MultiObjectiveDecisionAnalysisinR.Rmd’ using rmarkdown
    Warning in engine$weave(file, quiet = quiet, encoding = enc) :
     Pandoc (>= 1.12.3) and/or pandoc-citeproc not available. Falling back to R Markdown v1.
    
    Attaching package: 'dplyr'
    
    The following objects are masked from 'package:stats':
    
     filter, lag
    
    The following objects are masked from 'package:base':
    
     intersect, setdiff, setequal, union
    
    
    Attaching package: 'gridExtra'
    
    The following object is masked from 'package:dplyr':
    
     combine
    
    Quitting from lines 84-97 (MultiObjectiveDecisionAnalysisinR.Rmd)
    Error: processing vignette 'MultiObjectiveDecisionAnalysisinR.Rmd' failed with diagnostics:
    there is no package called 'webshot'
    --- failed re-building ‘MultiObjectiveDecisionAnalysisinR.Rmd’
    
    SUMMARY: processing the following file failed:
     ‘MultiObjectiveDecisionAnalysisinR.Rmd’
    
    Error: Vignette re-building failed.
    Execution halted
Flavor: r-patched-solaris-x86

Version: 0.1.0
Check: re-building of vignette outputs
Result: WARN
    Error(s) in re-building vignettes:
    --- re-building ‘MultiObjectiveDecisionAnalysisinR.Rmd’ using rmarkdown
    Warning in engine$weave(file, quiet = quiet, encoding = enc) :
     Pandoc (>= 1.12.3) and/or pandoc-citeproc not available. Falling back to R Markdown v1.
    
    Attaching package: 'dplyr'
    
    The following objects are masked from 'package:stats':
    
     filter, lag
    
    The following objects are masked from 'package:base':
    
     intersect, setdiff, setequal, union
    
    
    Attaching package: 'gridExtra'
    
    The following object is masked from 'package:dplyr':
    
     combine
    
    Quitting from lines 84-97 (MultiObjectiveDecisionAnalysisinR.Rmd)
    Error: processing vignette 'MultiObjectiveDecisionAnalysisinR.Rmd' failed with diagnostics:
    cannot open the connection
    --- failed re-building ‘MultiObjectiveDecisionAnalysisinR.Rmd’
    
    SUMMARY: processing the following file failed:
     ‘MultiObjectiveDecisionAnalysisinR.Rmd’
    
    Error: Vignette re-building failed.
    Execution halted
Flavor: r-release-osx-x86_64

Version: 0.1.0
Check: re-building of vignette outputs
Result: WARN
    Error in re-building vignettes:
     ...
    Warning in engine$weave(file, quiet = quiet, encoding = enc) :
     Pandoc (>= 1.12.3) and/or pandoc-citeproc not available. Falling back to R Markdown v1.
    Warning: package 'dplyr' was built under R version 3.5.1
    
    Attaching package: 'dplyr'
    
    The following objects are masked from 'package:stats':
    
     filter, lag
    
    The following objects are masked from 'package:base':
    
     intersect, setdiff, setequal, union
    
    
    Attaching package: 'gridExtra'
    
    The following object is masked from 'package:dplyr':
    
     combine
    
    Quitting from lines 84-97 (MultiObjectiveDecisionAnalysisinR.Rmd)
    Error: processing vignette 'MultiObjectiveDecisionAnalysisinR.Rmd' failed with diagnostics:
    cannot open the connection
    Execution halted
Flavor: r-oldrel-osx-x86_64