CRAN Package Check Results for Package DYM

Last updated on 2021-09-20 08:50:12 CEST.

Flavor Version Tinstall Tcheck Ttotal Status Flags
r-devel-linux-x86_64-debian-clang 0.2 1.71 23.61 25.32 OK
r-devel-linux-x86_64-debian-gcc 0.2 1.65 18.23 19.88 OK
r-devel-linux-x86_64-fedora-clang 0.2 40.46 NOTE
r-devel-linux-x86_64-fedora-gcc 0.2 28.75 OK
r-devel-windows-x86_64 0.2 3.00 31.00 34.00 OK
r-devel-windows-x86_64-gcc10-UCRT 0.2 ERROR
r-patched-linux-x86_64 0.2 1.84 22.28 24.12 OK
r-patched-solaris-x86 0.2 48.00 OK
r-release-linux-x86_64 0.2 1.84 22.66 24.50 OK
r-release-macos-arm64 0.2 OK
r-release-macos-x86_64 0.2 OK
r-release-windows-ix86+x86_64 0.2 4.00 38.00 42.00 OK
r-oldrel-macos-x86_64 0.2 OK
r-oldrel-windows-ix86+x86_64 0.2 4.00 29.00 33.00 OK

Check Details

Version: 0.2
Check: Rd cross-references
Result: NOTE
    Undeclared package ‘stringdist’ in Rd xrefs
Flavor: r-devel-linux-x86_64-fedora-clang

Version: 0.2
Check: whether package can be installed
Result: WARN
    Found the following significant warnings:
     WARNING: installation-time patches will not be applied, could not get the patches index
Flavor: r-devel-windows-x86_64-gcc10-UCRT

Version: 0.2
Check: PDF version of manual
Result: WARN
    LaTeX errors when creating PDF version.
    This typically indicates Rd problems.
Flavor: r-devel-windows-x86_64-gcc10-UCRT

Version: 0.2
Check: PDF version of manual without hyperrefs or index
Result: ERROR
    Re-running with no redirection of stdout/stderr.
Flavor: r-devel-windows-x86_64-gcc10-UCRT