CRAN Package Check Results for Package DYM

Last updated on 2024-02-26 19:50:07 CET.

Flavor Version Tinstall Tcheck Ttotal Status Flags
r-devel-linux-x86_64-debian-clang 0.2 1.90 22.56 24.46 OK
r-devel-linux-x86_64-debian-gcc 0.2 1.56 18.31 19.87 OK
r-devel-linux-x86_64-fedora-clang 0.2 31.59 NOTE
r-devel-linux-x86_64-fedora-gcc 0.2 29.25 OK
r-devel-windows-x86_64 0.2 2.00 39.00 41.00 OK
r-patched-linux-x86_64 0.2 1.88 22.46 24.34 OK
r-release-linux-x86_64 0.2 1.80 22.54 24.34 OK
r-release-macos-arm64 0.2 18.00 OK
r-release-macos-x86_64 0.2 22.00 OK
r-release-windows-x86_64 0.2 2.00 41.00 43.00 OK
r-oldrel-macos-arm64 0.2 18.00 OK
r-oldrel-windows-x86_64 0.2 4.00 45.00 49.00 OK

Check Details

Version: 0.2
Check: Rd cross-references
Result: NOTE Undeclared package ‘stringdist’ in Rd xrefs Flavor: r-devel-linux-x86_64-fedora-clang