CRAN Package Check Results for Package DTDA.cif

Last updated on 2021-09-22 08:50:05 CEST.

Flavor Version Tinstall Tcheck Ttotal Status Flags
r-devel-linux-x86_64-debian-clang 1.0.2 22.50 39.43 61.93 NOTE
r-devel-linux-x86_64-debian-gcc 1.0.2 13.55 29.85 43.40 NOTE
r-devel-linux-x86_64-fedora-clang 1.0.2 90.39 NOTE
r-devel-linux-x86_64-fedora-gcc 1.0.2 70.55 NOTE
r-devel-windows-x86_64 1.0.2 20.00 46.00 66.00 NOTE
r-devel-windows-x86_64-gcc10-UCRT 1.0.2 ERROR
r-patched-linux-x86_64 1.0.2 16.30 37.82 54.12 NOTE
r-patched-solaris-x86 1.0.2 86.10 NOTE
r-release-linux-x86_64 1.0.2 16.55 37.73 54.28 NOTE
r-release-macos-arm64 1.0.2 NOTE
r-release-macos-x86_64 1.0.2 NOTE
r-release-windows-ix86+x86_64 1.0.2 49.00 84.00 133.00 NOTE
r-oldrel-macos-x86_64 1.0.2 OK
r-oldrel-windows-ix86+x86_64 1.0.2 36.00 64.00 100.00 OK

Check Details

Version: 1.0.2
Check: LazyData
Result: NOTE
     'LazyData' is specified without a 'data' directory
Flavors: r-devel-linux-x86_64-debian-clang, r-devel-linux-x86_64-debian-gcc, r-devel-linux-x86_64-fedora-clang, r-devel-linux-x86_64-fedora-gcc, r-devel-windows-x86_64, r-patched-linux-x86_64, r-patched-solaris-x86, r-release-linux-x86_64, r-release-macos-arm64, r-release-macos-x86_64, r-release-windows-ix86+x86_64

Version: 1.0.2
Check: whether package can be installed
Result: ERROR
    Installation failed.
Flavor: r-devel-windows-x86_64-gcc10-UCRT