CRAN Package Check Results for Package DTAT

Last updated on 2019-12-07 08:49:24 CET.

Flavor Version Tinstall Tcheck Ttotal Status Flags
r-devel-linux-x86_64-debian-clang 0.3-3 13.96 111.85 125.81 OK
r-devel-linux-x86_64-debian-gcc 0.3-3 10.45 85.25 95.70 OK
r-devel-linux-x86_64-fedora-clang 0.3-3 151.48 OK
r-devel-linux-x86_64-fedora-gcc 0.3-3 134.16 OK
r-devel-windows-ix86+x86_64 0.3-3 31.00 106.00 137.00 OK
r-devel-windows-ix86+x86_64-gcc8 0.3-3 35.00 106.00 141.00 OK
r-patched-linux-x86_64 0.3-3 10.06 97.81 107.87 OK
r-patched-solaris-x86 0.3-3 202.00 WARN
r-release-linux-x86_64 0.3-3 11.55 96.32 107.87 OK
r-release-windows-ix86+x86_64 0.3-3 23.00 113.00 136.00 OK
r-release-osx-x86_64 0.3-3 WARN
r-oldrel-windows-ix86+x86_64 0.3-3 17.00 120.00 137.00 OK
r-oldrel-osx-x86_64 0.3-3 WARN

Check Details

Version: 0.3-3
Check: re-building of vignette outputs
Result: WARN
    Error(s) in re-building vignettes:
     ...
    --- re-building ‘Designing-33PC.Rmd’ using rmarkdown
    Warning in engine$weave(file, quiet = quiet, encoding = enc) :
     Pandoc (>= 1.12.3) and/or pandoc-citeproc not available. Falling back to R Markdown v1.
    Quitting from lines 163-164 (Designing-33PC.Rmd)
    Error: processing vignette 'Designing-33PC.Rmd' failed with diagnostics:
    there is no package called 'webshot'
    --- failed re-building ‘Designing-33PC.Rmd’
    
    SUMMARY: processing the following file failed:
     ‘Designing-33PC.Rmd’
    
    Error: Vignette re-building failed.
    Execution halted
Flavor: r-patched-solaris-x86

Version: 0.3-3
Check: re-building of vignette outputs
Result: WARN
    Error(s) in re-building vignettes:
     ...
    --- re-building ‘Designing-33PC.Rmd’ using rmarkdown
    Warning in engine$weave(file, quiet = quiet, encoding = enc) :
     Pandoc (>= 1.12.3) and/or pandoc-citeproc not available. Falling back to R Markdown v1.
    Quitting from lines 163-164 (Designing-33PC.Rmd)
    Error: processing vignette 'Designing-33PC.Rmd' failed with diagnostics:
    cannot open the connection
    --- failed re-building ‘Designing-33PC.Rmd’
    
    SUMMARY: processing the following file failed:
     ‘Designing-33PC.Rmd’
    
    Error: Vignette re-building failed.
    Execution halted
Flavor: r-release-osx-x86_64

Version: 0.3-3
Check: re-building of vignette outputs
Result: WARN
    Error in re-building vignettes:
     ...
    Warning in engine$weave(file, quiet = quiet, encoding = enc) :
     Pandoc (>= 1.12.3) and/or pandoc-citeproc not available. Falling back to R Markdown v1.
    Quitting from lines 163-164 (Designing-33PC.Rmd)
    Error: processing vignette 'Designing-33PC.Rmd' failed with diagnostics:
    cannot open the connection
    Execution halted
Flavor: r-oldrel-osx-x86_64