CRAN Package Check Results for Package DSSAT

Last updated on 2025-01-24 19:48:25 CET.

Flavor Version Tinstall Tcheck Ttotal Status Flags
r-devel-linux-x86_64-debian-clang 0.0.9 11.91 72.87 84.78 NOTE
r-devel-linux-x86_64-debian-gcc 0.0.9 6.79 49.18 55.97 NOTE
r-devel-linux-x86_64-fedora-clang 0.0.9 131.38 OK
r-devel-linux-x86_64-fedora-gcc 0.0.9 131.90 NOTE
r-devel-windows-x86_64 0.0.9 12.00 92.00 104.00 OK
r-patched-linux-x86_64 0.0.9 9.53 67.28 76.81 OK
r-release-linux-x86_64 0.0.9 9.17 66.06 75.23 OK
r-release-macos-arm64 0.0.9 38.00 OK
r-release-macos-x86_64 0.0.9 62.00 OK
r-release-windows-x86_64 0.0.9 12.00 96.00 108.00 OK
r-oldrel-macos-arm64 0.0.9 44.00 OK
r-oldrel-macos-x86_64 0.0.9 71.00 OK
r-oldrel-windows-x86_64 0.0.9 14.00 107.00 121.00 OK

Check Details

Version: 0.0.9
Check: DESCRIPTION meta-information
Result: NOTE Missing dependency on R >= 4.1.0 because package code uses the pipe |> or function shorthand \(...) syntax added in R 4.1.0. File(s) using such syntax: ‘v_fmt_to_type.R’ Flavors: r-devel-linux-x86_64-debian-clang, r-devel-linux-x86_64-debian-gcc, r-devel-linux-x86_64-fedora-gcc