CRAN Package Check Results for Package DRviaSPCN

Last updated on 2024-02-21 19:53:12 CET.

Flavor Version Tinstall Tcheck Ttotal Status Flags
r-devel-linux-x86_64-debian-clang 0.1.4 OK
r-devel-linux-x86_64-debian-gcc 0.1.4 52.53 440.52 493.05 OK
r-devel-linux-x86_64-fedora-clang 0.1.4 835.07 OK
r-devel-linux-x86_64-fedora-gcc 0.1.4 818.50 OK
r-devel-windows-x86_64 0.1.4 12.00 4.00 16.00 ERROR
r-patched-linux-x86_64 0.1.4 56.69 581.28 637.97 OK
r-release-linux-x86_64 0.1.4 58.69 568.60 627.29 OK
r-release-macos-arm64 0.1.4 9.00 ERROR
r-release-macos-x86_64 0.1.4 6.00 ERROR
r-release-windows-x86_64 0.1.4 30.00 6.00 36.00 ERROR
r-oldrel-macos-arm64 0.1.4 22.00 ERROR
r-oldrel-windows-x86_64 0.1.4 27.00 10.00 37.00 ERROR

Check Details

Version: 0.1.4
Check: whether package can be installed
Result: ERROR Installation failed. Flavors: r-devel-windows-x86_64, r-release-windows-x86_64, r-oldrel-macos-arm64, r-oldrel-windows-x86_64

Version: 0.1.4
Check: package dependencies
Result: ERROR Package required but not available: ‘GSVA’ See section ‘The DESCRIPTION file’ in the ‘Writing R Extensions’ manual. Flavors: r-release-macos-arm64, r-release-macos-x86_64