CRAN Package Check Results for Package DRAYL

Last updated on 2022-05-18 21:53:14 CEST.

Flavor Version Tinstall Tcheck Ttotal Status Flags
r-devel-linux-x86_64-debian-clang 1.0 3.06 49.80 52.86 NOTE
r-devel-linux-x86_64-debian-gcc 1.0 2.55 37.63 40.18 NOTE
r-devel-linux-x86_64-fedora-clang 1.0 61.90 NOTE
r-devel-linux-x86_64-fedora-gcc 1.0 61.13 NOTE
r-devel-windows-x86_64 1.0 13.00 65.00 78.00 NOTE
r-patched-linux-x86_64 1.0 2.88 46.59 49.47 NOTE
r-release-linux-x86_64 1.0 3.46 46.77 50.23 NOTE
r-release-macos-arm64 1.0 20.00 NOTE
r-release-macos-x86_64 1.0 28.00 NOTE
r-release-windows-x86_64 1.0 8.00 65.00 73.00 NOTE
r-oldrel-macos-arm64 1.0 23.00 NOTE
r-oldrel-macos-x86_64 1.0 35.00 NOTE
r-oldrel-windows-ix86+x86_64 1.0 8.00 65.00 73.00 NOTE

Check Details

Version: 1.0
Check: LazyData
Result: NOTE
     'LazyData' is specified without a 'data' directory
Flavors: r-devel-linux-x86_64-debian-clang, r-devel-linux-x86_64-debian-gcc, r-devel-linux-x86_64-fedora-clang, r-devel-linux-x86_64-fedora-gcc, r-devel-windows-x86_64, r-patched-linux-x86_64, r-release-linux-x86_64, r-release-macos-arm64, r-release-macos-x86_64, r-release-windows-x86_64, r-oldrel-macos-arm64, r-oldrel-macos-x86_64, r-oldrel-windows-ix86+x86_64