CRAN Package Check Results for Package DPWeibull

Last updated on 2020-11-26 20:51:36 CET.

Flavor Version Tinstall Tcheck Ttotal Status Flags
r-devel-linux-x86_64-debian-clang 1.7 116.50 77.49 193.99 OK
r-devel-linux-x86_64-debian-gcc 1.7 145.95 61.88 207.83 OK
r-devel-linux-x86_64-fedora-clang 1.7 283.88 NOTE
r-devel-linux-x86_64-fedora-gcc 1.7 247.47 OK
r-devel-windows-ix86+x86_64 1.7 266.00 137.00 403.00 OK
r-patched-linux-x86_64 1.7 185.36 73.05 258.41 OK
r-patched-solaris-x86 1.7 256.70 OK
r-release-linux-x86_64 1.7 174.34 72.73 247.07 OK
r-release-macos-x86_64 1.7 OK
r-release-windows-ix86+x86_64 1.7 274.00 108.00 382.00 OK
r-oldrel-macos-x86_64 1.7 OK
r-oldrel-windows-ix86+x86_64 1.7 252.00 126.00 378.00 OK

Check Details

Version: 1.7
Check: installed package size
Result: NOTE
     installed size is 5.7Mb
     sub-directories of 1Mb or more:
     libs 5.5Mb
Flavor: r-devel-linux-x86_64-fedora-clang