Last updated on 2023-03-30 08:53:34 CEST.
Flavor | Version | Tinstall | Tcheck | Ttotal | Status | Flags |
---|---|---|---|---|---|---|
r-devel-linux-x86_64-debian-clang | 1.0.6 | 10.04 | 246.41 | 256.45 | NOTE | |
r-devel-linux-x86_64-debian-gcc | 1.0.6 | 10.89 | 183.19 | 194.08 | NOTE | |
r-devel-linux-x86_64-fedora-clang | 1.0.6 | 318.54 | NOTE | |||
r-devel-linux-x86_64-fedora-gcc | 1.0.6 | 324.58 | NOTE | |||
r-devel-windows-x86_64 | 1.0.6 | 54.00 | 0.00 | 54.00 | NOTE | --no-vignettes |
r-patched-linux-x86_64 | 1.0.6 | 12.94 | 236.75 | 249.69 | NOTE | |
r-release-linux-x86_64 | 1.0.6 | 12.20 | 236.88 | 249.08 | OK | |
r-release-macos-arm64 | 1.0.6 | 107.00 | OK | |||
r-release-macos-x86_64 | 1.0.6 | 141.00 | OK | |||
r-release-windows-x86_64 | 1.0.6 | 59.00 | 123.00 | 182.00 | OK | --no-vignettes |
r-oldrel-macos-arm64 | 1.0.6 | 136.00 | OK | |||
r-oldrel-macos-x86_64 | 1.0.6 | 230.00 | OK | |||
r-oldrel-windows-ix86+x86_64 | 1.0.6 | 25.00 | 269.00 | 294.00 | OK |
Version: 1.0.6
Check: Rd \usage sections
Result: NOTE
S3 methods shown with full name in documentation object ‘add.joint.mean.many’:
‘all.cond.mean.PO’ ‘all.cond.mean2.PO’
The \usage entries for S3 methods should use the \method markup and not
their full name.
See chapter ‘Writing R documentation files’ in the ‘Writing R
Extensions’ manual.
Flavors: r-devel-linux-x86_64-debian-clang, r-devel-linux-x86_64-debian-gcc, r-devel-linux-x86_64-fedora-clang, r-devel-linux-x86_64-fedora-gcc, r-patched-linux-x86_64
Version: 1.0.6
Flags: --no-vignettes
Check: Rd \usage sections
Result: NOTE
S3 methods shown with full name in documentation object 'add.joint.mean.many':
'all.cond.mean.PO' 'all.cond.mean2.PO'
The \usage entries for S3 methods should use the \method markup and not
their full name.
See chapter 'Writing R documentation files' in the 'Writing R
Extensions' manual.
Flavor: r-devel-windows-x86_64