CRAN Package Check Results for Package DNLC

Last updated on 2020-07-14 09:50:26 CEST.

Flavor Version Tinstall Tcheck Ttotal Status Flags
r-devel-linux-x86_64-debian-clang 1.0.0 10.78 24.80 35.58 OK
r-devel-linux-x86_64-debian-gcc 1.0.0 10.57 19.77 30.34 OK
r-devel-linux-x86_64-fedora-clang 1.0.0 56.53 NOTE
r-devel-linux-x86_64-fedora-gcc 1.0.0 49.80 NOTE
r-devel-windows-ix86+x86_64 1.0.0 24.00 49.00 73.00 OK
r-patched-linux-x86_64 1.0.0 10.78 24.42 35.20 OK
r-patched-solaris-x86 1.0.0 73.60 NOTE
r-release-linux-x86_64 1.0.0 10.94 24.32 35.26 OK
r-release-macos-x86_64 1.0.0 ERROR
r-release-windows-ix86+x86_64 1.0.0 26.00 53.00 79.00 OK
r-oldrel-macos-x86_64 1.0.0 WARN
r-oldrel-windows-ix86+x86_64 1.0.0 20.00 38.00 58.00 OK

Check Details

Version: 1.0.0
Check: dependencies in R code
Result: NOTE
    Namespaces in Imports field not imported from:
     ‘GOstats’ ‘caTools’ ‘fdrtool’
     All declared Imports should be used.
Flavors: r-devel-linux-x86_64-fedora-clang, r-devel-linux-x86_64-fedora-gcc, r-patched-solaris-x86, r-oldrel-macos-x86_64

Version: 1.0.0
Check: whether package can be installed
Result: ERROR
    Installation failed.
Flavor: r-release-macos-x86_64

Version: 1.0.0
Check: whether package can be installed
Result: WARN
    Found the following significant warnings:
     Warning: package ‘AnnotationDbi’ was built under R version 3.6.1
     Warning: package ‘IRanges’ was built under R version 3.6.1
     Warning: package ‘S4Vectors’ was built under R version 3.6.1
Flavor: r-oldrel-macos-x86_64