CRAN Package Check Results for Package DLMtool

Last updated on 2019-08-25 10:46:17 CEST.

Flavor Version Tinstall Tcheck Ttotal Status Flags
r-devel-linux-x86_64-debian-clang 5.3.1 103.00 213.61 316.61 OK
r-devel-linux-x86_64-debian-gcc 5.3.1 88.46 160.01 248.47 OK
r-devel-linux-x86_64-fedora-clang 5.3.1 421.16 NOTE
r-devel-linux-x86_64-fedora-gcc 5.3.1 406.03 OK
r-devel-windows-ix86+x86_64 5.3.1 183.00 277.00 460.00 NOTE --no-vignettes
r-patched-linux-x86_64 5.3.1 99.09 211.14 310.23 OK
r-patched-solaris-x86 5.3.1 444.60 NOTE --no-build-vignettes
r-release-linux-x86_64 5.3.1 102.71 210.90 313.61 OK
r-release-windows-ix86+x86_64 5.3.1 258.00 404.00 662.00 NOTE --no-vignettes
r-release-osx-x86_64 5.3.1 NOTE
r-oldrel-windows-ix86+x86_64 5.3.1 241.00 373.00 614.00 NOTE --no-vignettes
r-oldrel-osx-x86_64 5.3.1 NOTE

Check Details

Version: 5.3.1
Check: installed package size
Result: NOTE
     installed size is 8.5Mb
     sub-directories of 1Mb or more:
     R 1.5Mb
     data 2.1Mb
     libs 3.9Mb
Flavors: r-devel-linux-x86_64-fedora-clang, r-release-osx-x86_64, r-oldrel-osx-x86_64

Version: 5.3.1
Flags: --no-vignettes
Check: installed package size
Result: NOTE
     installed size is 6.5Mb
     sub-directories of 1Mb or more:
     R 1.5Mb
     data 2.1Mb
     libs 2.0Mb
Flavors: r-devel-windows-ix86+x86_64, r-release-windows-ix86+x86_64, r-oldrel-windows-ix86+x86_64

Version: 5.3.1
Flags: --no-build-vignettes
Check: installed package size
Result: NOTE
     installed size is 5.2Mb
     sub-directories of 1Mb or more:
     R 1.6Mb
     data 2.1Mb
Flavor: r-patched-solaris-x86