CRAN Package Check Results for Package DLMtool

Last updated on 2020-01-23 09:51:58 CET.

Flavor Version Tinstall Tcheck Ttotal Status Flags
r-devel-linux-x86_64-debian-clang 5.4.1 130.17 250.53 380.70 OK
r-devel-linux-x86_64-debian-gcc 5.4.1 98.30 184.60 282.90 OK
r-devel-linux-x86_64-fedora-clang 5.4.1 496.31 NOTE
r-devel-linux-x86_64-fedora-gcc 5.4.1 455.59 OK
r-devel-windows-ix86+x86_64 5.4.1 315.00 466.00 781.00 NOTE --no-vignettes
r-devel-windows-ix86+x86_64-gcc8 5.4.1 333.00 478.00 811.00 NOTE --no-vignettes
r-patched-linux-x86_64 5.4.1 107.58 218.97 326.55 OK
r-patched-solaris-x86 5.4.1 461.40 NOTE --no-build-vignettes
r-release-linux-x86_64 5.4.1 101.79 219.97 321.76 OK
r-release-windows-ix86+x86_64 5.4.1 207.00 433.00 640.00 NOTE --no-vignettes
r-release-osx-x86_64 5.4.1 NOTE
r-oldrel-windows-ix86+x86_64 5.4.1 170.00 384.00 554.00 NOTE --no-vignettes
r-oldrel-osx-x86_64 5.4.1 NOTE

Check Details

Version: 5.4.1
Check: package dependencies
Result: NOTE
    Imports includes 22 non-default packages.
    Importing from so many packages makes the package vulnerable to any of
    them becoming unavailable. Move as many as possible to Suggests and
    use conditionally.
Flavor: r-devel-linux-x86_64-fedora-clang

Version: 5.4.1
Check: installed package size
Result: NOTE
     installed size is 8.8Mb
     sub-directories of 1Mb or more:
     R 1.6Mb
     data 2.1Mb
     libs 3.9Mb
Flavors: r-devel-linux-x86_64-fedora-clang, r-release-osx-x86_64, r-oldrel-osx-x86_64

Version: 5.4.1
Flags: --no-vignettes
Check: installed package size
Result: NOTE
     installed size is 6.8Mb
     sub-directories of 1Mb or more:
     R 1.6Mb
     data 2.1Mb
     libs 2.0Mb
Flavors: r-devel-windows-ix86+x86_64, r-devel-windows-ix86+x86_64-gcc8, r-release-windows-ix86+x86_64, r-oldrel-windows-ix86+x86_64

Version: 5.4.1
Flags: --no-build-vignettes
Check: installed package size
Result: NOTE
     installed size is 5.4Mb
     sub-directories of 1Mb or more:
     R 1.8Mb
     data 2.1Mb
Flavor: r-patched-solaris-x86