Last updated on 2023-09-30 19:55:45 CEST.
Flavor | Version | Tinstall | Tcheck | Ttotal | Status | Flags |
---|---|---|---|---|---|---|
r-devel-linux-x86_64-debian-clang | 1.2.0 | 69.58 | 531.30 | 600.88 | NOTE | |
r-devel-linux-x86_64-debian-gcc | 1.2.0 | 53.81 | 393.82 | 447.63 | NOTE | |
r-devel-linux-x86_64-fedora-clang | 1.2.0 | 790.00 | NOTE | |||
r-devel-linux-x86_64-fedora-gcc | 1.2.0 | 795.75 | NOTE | |||
r-devel-windows-x86_64 | 1.2.0 | 58.00 | 344.00 | 402.00 | NOTE | |
r-patched-linux-x86_64 | 1.2.0 | 60.15 | 504.52 | 564.67 | NOTE | |
r-release-linux-x86_64 | 1.2.0 | 74.04 | 502.21 | 576.25 | NOTE | |
r-release-macos-arm64 | 1.2.0 | 5.00 | ERROR | |||
r-release-macos-x86_64 | 1.2.0 | 403.00 | NOTE | |||
r-release-windows-x86_64 | 1.2.0 | 77.00 | 460.00 | 537.00 | NOTE | |
r-oldrel-macos-arm64 | 1.2.0 | 177.00 | OK | |||
r-oldrel-macos-x86_64 | 1.2.0 | 331.00 | OK | |||
r-oldrel-windows-x86_64 | 1.2.0 | 76.00 | 441.00 | 517.00 | OK |
Version: 1.2.0
Check: Rd files
Result: NOTE
checkRd: (-1) sammy.Rd:51: Escaped LaTeX specials: \$
Flavors: r-devel-linux-x86_64-debian-clang, r-devel-linux-x86_64-debian-gcc, r-devel-linux-x86_64-fedora-clang, r-devel-linux-x86_64-fedora-gcc, r-devel-windows-x86_64, r-patched-linux-x86_64, r-release-linux-x86_64, r-release-macos-x86_64, r-release-windows-x86_64
Version: 1.2.0
Check: package dependencies
Result: ERROR
Package required but not available: ‘TSCAN’
See section ‘The DESCRIPTION file’ in the ‘Writing R Extensions’
manual.
Flavor: r-release-macos-arm64