CRAN Package Check Results for Package DHS.rates

Last updated on 2024-02-29 19:12:18 CET.

Flavor Version Tinstall Tcheck Ttotal Status Flags
r-devel-linux-x86_64-debian-clang 0.9.2 9.96 92.96 102.92 OK
r-devel-linux-x86_64-debian-gcc 0.9.2 6.73 67.41 74.14 OK
r-devel-linux-x86_64-fedora-clang 0.9.2 125.21 NOTE
r-devel-linux-x86_64-fedora-gcc 0.9.2 130.85 NOTE
r-devel-windows-x86_64 0.9.2 8.00 86.00 94.00 OK
r-patched-linux-x86_64 0.9.2 7.23 87.15 94.38 OK
r-release-linux-x86_64 0.9.2 5.92 87.87 93.79 OK
r-release-macos-arm64 0.9.2 52.00 OK
r-release-macos-x86_64 0.9.2 94.00 OK
r-release-windows-x86_64 0.9.2 12.00 99.00 111.00 OK
r-oldrel-macos-arm64 0.9.2 41.00 OK
r-oldrel-windows-x86_64 0.9.2 11.00 104.00 115.00 OK

Check Details

Version: 0.9.2
Check: dependencies in R code
Result: NOTE Namespace in Imports field not imported from: ‘rlang’ All declared Imports should be used. Flavors: r-devel-linux-x86_64-fedora-clang, r-devel-linux-x86_64-fedora-gcc