Last updated on 2023-03-30 08:53:34 CEST.
Flavor | Version | Tinstall | Tcheck | Ttotal | Status | Flags |
---|---|---|---|---|---|---|
r-devel-linux-x86_64-debian-clang | 1.0-11 | 1.79 | 30.73 | 32.52 | OK | |
r-devel-linux-x86_64-debian-gcc | 1.0-11 | 1.49 | 23.59 | 25.08 | OK | |
r-devel-linux-x86_64-fedora-clang | 1.0-11 | 43.21 | NOTE | |||
r-devel-linux-x86_64-fedora-gcc | 1.0-11 | 39.87 | OK | |||
r-devel-windows-x86_64 | 1.0-11 | 14.00 | 59.00 | 73.00 | OK | |
r-patched-linux-x86_64 | 1.0-11 | 2.35 | 29.87 | 32.22 | OK | |
r-release-linux-x86_64 | 1.0-11 | 2.09 | 31.15 | 33.24 | OK | |
r-release-macos-arm64 | 1.0-11 | 17.00 | OK | |||
r-release-macos-x86_64 | 1.0-11 | 24.00 | OK | |||
r-release-windows-x86_64 | 1.0-11 | 5.00 | 53.00 | 58.00 | OK | |
r-oldrel-macos-arm64 | 1.0-11 | 17.00 | OK | |||
r-oldrel-macos-x86_64 | 1.0-11 | 23.00 | OK | |||
r-oldrel-windows-ix86+x86_64 | 1.0-11 | 6.00 | 49.00 | 55.00 | OK |
Version: 1.0-11
Check: Rd cross-references
Result: NOTE
Undeclared package ‘DEoptim’ in Rd xrefs
Flavor: r-devel-linux-x86_64-fedora-clang