CRAN Package Check Results for Package DEPONS2R

Last updated on 2024-02-21 19:53:12 CET.

Flavor Version Tinstall Tcheck Ttotal Status Flags
r-devel-linux-x86_64-debian-clang 1.2.2 NOTE
r-devel-linux-x86_64-debian-gcc 1.2.2 41.35 259.03 300.38 NOTE
r-devel-linux-x86_64-fedora-clang 1.2.2 OK
r-devel-linux-x86_64-fedora-gcc 1.2.2 480.36 OK
r-devel-windows-x86_64 1.2.2 40.00 226.00 266.00 OK
r-patched-linux-x86_64 1.2.2 48.04 345.15 393.19 OK
r-release-linux-x86_64 1.2.2 42.85 345.71 388.56 OK
r-release-macos-arm64 1.2.2 127.00 OK
r-release-macos-x86_64 1.2.2 392.00 OK
r-release-windows-x86_64 1.2.2 52.00 306.00 358.00 OK
r-oldrel-macos-arm64 1.2.2 118.00 OK
r-oldrel-windows-x86_64 1.2.2 58.00 299.00 357.00 OK

Check Details

Version: 1.2.2
Check: Rd files
Result: NOTE checkRd: (-1) crs.Rd:34: Lost braces; missing escapes or markup? 34 | system, crs) of DeponsRaster and DeponsTrack objects. For {sp} objects the | ^ Flavors: r-devel-linux-x86_64-debian-clang, r-devel-linux-x86_64-debian-gcc