CRAN Package Check Results for Package DCchoice

Last updated on 2021-09-23 08:50:54 CEST.

Flavor Version Tinstall Tcheck Ttotal Status Flags
r-devel-linux-x86_64-debian-clang 0.1.0 9.23 83.69 92.92 OK
r-devel-linux-x86_64-debian-gcc 0.1.0 7.81 61.83 69.64 OK
r-devel-linux-x86_64-fedora-clang 0.1.0 119.99 OK
r-devel-linux-x86_64-fedora-gcc 0.1.0 109.40 OK
r-devel-windows-x86_64 0.1.0 13.00 74.00 87.00 OK
r-devel-windows-x86_64-gcc10-UCRT 0.1.0 ERROR
r-patched-linux-x86_64 0.1.0 9.93 80.21 90.14 OK
r-patched-solaris-x86 0.1.0 149.30 OK
r-release-linux-x86_64 0.1.0 8.98 78.16 87.14 OK
r-release-macos-arm64 0.1.0 OK
r-release-macos-x86_64 0.1.0 OK
r-release-windows-ix86+x86_64 0.1.0 22.00 102.00 124.00 OK
r-oldrel-macos-x86_64 0.1.0 OK
r-oldrel-windows-ix86+x86_64 0.1.0 16.00 73.00 89.00 OK

Check Details

Version: 0.1.0
Check: package dependencies
Result: NOTE
    Package suggested but not available for checking: 'Ecdat'
Flavor: r-devel-windows-x86_64-gcc10-UCRT

Version: 0.1.0
Check: Rd cross-references
Result: NOTE
    Package unavailable to check Rd xrefs: 'Ecdat'
Flavor: r-devel-windows-x86_64-gcc10-UCRT

Version: 0.1.0
Check: examples
Result: ERROR
    Running examples in 'DCchoice-Ex.R' failed
    The error most likely occurred in:
    
    > ### Name: dbchoice
    > ### Title: Parametric approach to analyze double-bounded dichotomous choice
    > ### contingent valuation data
    > ### Aliases: dbchoice print.dbchoice vcov.dbchoice logLik.dbchoice
    > ### Keywords: DCchoice double-bounded nonlinear
    >
    > ### ** Examples
    >
    > ## Examples are based on a data set NaturalPark in the package
    > ## Ecdat (Croissant 2011): DBDCCV style question for measuring
    > ## willingness to pay for the preservation of the Alentejo Natural
    > ## Park. The data set (dataframe) contains seven variables:
    > ## bid1 (bid in the initial question), bidh (higher bid in the follow-up
    > ## question), bidl (lower bid in the follow-up question), answers
    > ## (response outcomes in a factor format with four levels of "nn",
    > ## "ny", "yn", "yy"), respondents' characteristic variables such
    > ## as age, sex and income (see NaturalPark for details).
    > data(NaturalPark, package = "Ecdat")
    Error in find.package(package, lib.loc, verbose = verbose) :
     there is no package called 'Ecdat'
    Calls: data -> find.package
    Execution halted
Flavor: r-devel-windows-x86_64-gcc10-UCRT

Version: 0.1.0
Check: PDF version of manual
Result: WARN
    LaTeX errors when creating PDF version.
    This typically indicates Rd problems.
Flavor: r-devel-windows-x86_64-gcc10-UCRT

Version: 0.1.0
Check: PDF version of manual without hyperrefs or index
Result: ERROR
    Re-running with no redirection of stdout/stderr.
Flavor: r-devel-windows-x86_64-gcc10-UCRT