CRAN Package Check Results for Package DCG

Last updated on 2021-09-20 20:48:33 CEST.

Flavor Version Tinstall Tcheck Ttotal Status Flags
r-devel-linux-x86_64-debian-clang 0.9.3 2.70 46.52 49.22 OK
r-devel-linux-x86_64-debian-gcc 0.9.3 1.93 35.48 37.41 OK
r-devel-linux-x86_64-fedora-clang 0.9.3 68.03 OK
r-devel-linux-x86_64-fedora-gcc 0.9.3 57.80 OK
r-devel-windows-x86_64 0.9.3 6.00 51.00 57.00 OK
r-devel-windows-x86_64-gcc10-UCRT 0.9.3 ERROR
r-patched-linux-x86_64 0.9.3 2.34 46.03 48.37 OK
r-patched-solaris-x86 0.9.3 91.40 OK
r-release-linux-x86_64 0.9.3 2.73 45.83 48.56 OK
r-release-macos-arm64 0.9.3 OK
r-release-macos-x86_64 0.9.3 OK
r-release-windows-ix86+x86_64 0.9.3 6.00 64.00 70.00 OK
r-oldrel-macos-x86_64 0.9.3 OK
r-oldrel-windows-ix86+x86_64 0.9.3 6.00 68.00 74.00 OK

Check Details

Version: 0.9.3
Check: whether package can be installed
Result: WARN
    Found the following significant warnings:
     WARNING: installation-time patches will not be applied, could not get the patches index
Flavor: r-devel-windows-x86_64-gcc10-UCRT

Version: 0.9.3
Check: PDF version of manual
Result: WARN
    LaTeX errors when creating PDF version.
    This typically indicates Rd problems.
Flavor: r-devel-windows-x86_64-gcc10-UCRT

Version: 0.9.3
Check: PDF version of manual without hyperrefs or index
Result: ERROR
    Re-running with no redirection of stdout/stderr.
Flavor: r-devel-windows-x86_64-gcc10-UCRT