CRAN Package Check Results for Package DBEST

Last updated on 2021-09-21 08:49:37 CEST.

Flavor Version Tinstall Tcheck Ttotal Status Flags
r-devel-linux-x86_64-debian-clang 1.8 3.13 34.24 37.37 OK
r-devel-linux-x86_64-debian-gcc 1.8 2.74 26.32 29.06 OK
r-devel-linux-x86_64-fedora-clang 1.8 54.31 OK
r-devel-linux-x86_64-fedora-gcc 1.8 43.37 OK
r-devel-windows-x86_64 1.8 5.00 41.00 46.00 OK
r-devel-windows-x86_64-gcc10-UCRT 1.8 ERROR
r-patched-linux-x86_64 1.8 3.32 32.83 36.15 OK
r-patched-solaris-x86 1.8 66.30 OK
r-release-linux-x86_64 1.8 3.45 33.11 36.56 OK
r-release-macos-arm64 1.8 OK
r-release-macos-x86_64 1.8 OK
r-release-windows-ix86+x86_64 1.8 8.00 54.00 62.00 OK
r-oldrel-macos-x86_64 1.8 OK
r-oldrel-windows-ix86+x86_64 1.8 7.00 39.00 46.00 OK

Check Details

Version: 1.8
Check: whether package can be installed
Result: WARN
    Found the following significant warnings:
     WARNING: installation-time patches will not be applied, could not get the patches index
Flavor: r-devel-windows-x86_64-gcc10-UCRT

Version: 1.8
Check: PDF version of manual
Result: WARN
    LaTeX errors when creating PDF version.
    This typically indicates Rd problems.
Flavor: r-devel-windows-x86_64-gcc10-UCRT

Version: 1.8
Check: PDF version of manual without hyperrefs or index
Result: ERROR
    Re-running with no redirection of stdout/stderr.
Flavor: r-devel-windows-x86_64-gcc10-UCRT