Last updated on 2023-02-04 12:57:10 CET.
Flavor | Version | Tinstall | Tcheck | Ttotal | Status | Flags |
---|---|---|---|---|---|---|
r-devel-linux-x86_64-debian-clang | 1.7.2 | 30.66 | 276.81 | 307.47 | OK | |
r-devel-linux-x86_64-debian-gcc | 1.7.2 | 24.88 | 203.30 | 228.18 | OK | |
r-devel-linux-x86_64-fedora-clang | 1.7.2 | 392.79 | NOTE | |||
r-devel-linux-x86_64-fedora-gcc | 1.7.2 | 373.47 | OK | |||
r-devel-windows-x86_64 | 1.7.2 | 78.00 | 340.00 | 418.00 | OK | |
r-patched-linux-x86_64 | 1.7.2 | 37.43 | 253.01 | 290.44 | OK | |
r-release-linux-x86_64 | 1.7.2 | 26.90 | 245.73 | 272.63 | OK | |
r-release-macos-arm64 | 1.7.2 | 138.00 | OK | |||
r-release-macos-x86_64 | 1.7.2 | 258.00 | OK | |||
r-release-windows-x86_64 | 1.7.2 | 56.00 | 306.00 | 362.00 | OK | |
r-oldrel-macos-arm64 | 1.7.2 | 114.00 | OK | |||
r-oldrel-macos-x86_64 | 1.7.2 | 203.00 | OK | |||
r-oldrel-windows-ix86+x86_64 | 1.7.2 | 61.00 | 298.00 | 359.00 | OK |
Version: 1.7.2
Check: package dependencies
Result: NOTE
Imports includes 25 non-default packages.
Importing from so many packages makes the package vulnerable to any of
them becoming unavailable. Move as many as possible to Suggests and
use conditionally.
Flavor: r-devel-linux-x86_64-fedora-clang