CRAN Package Check Results for Package DAMOCLES

Last updated on 2020-07-14 09:50:24 CEST.

Flavor Version Tinstall Tcheck Ttotal Status Flags
r-devel-linux-x86_64-debian-clang 2.2 6.26 111.13 117.39 OK
r-devel-linux-x86_64-debian-gcc 2.2 4.38 66.65 71.03 OK
r-devel-linux-x86_64-fedora-clang 2.2 119.80 NOTE
r-devel-linux-x86_64-fedora-gcc 2.2 128.37 NOTE
r-devel-windows-ix86+x86_64 2.2 19.00 127.00 146.00 OK
r-patched-linux-x86_64 2.2 5.27 95.65 100.92 OK
r-patched-solaris-x86 2.2 132.10 NOTE
r-release-linux-x86_64 2.2 4.35 88.38 92.73 OK
r-release-macos-x86_64 2.2 ERROR
r-release-windows-ix86+x86_64 2.2 18.00 133.00 151.00 OK
r-oldrel-macos-x86_64 2.2 NOTE
r-oldrel-windows-ix86+x86_64 2.2 12.00 107.00 119.00 OK

Check Details

Version: 2.2
Check: dependencies in R code
Result: NOTE
    Namespace in Imports field not imported from: ‘expm’
     All declared Imports should be used.
Flavors: r-devel-linux-x86_64-fedora-clang, r-devel-linux-x86_64-fedora-gcc, r-patched-solaris-x86, r-oldrel-macos-x86_64

Version: 2.2
Check: whether package can be installed
Result: ERROR
    Installation failed.
Flavor: r-release-macos-x86_64