CRAN Package Check Results for Package DA

Last updated on 2021-11-28 07:50:40 CET.

Flavor Version Tinstall Tcheck Ttotal Status Flags
r-devel-linux-x86_64-debian-clang 1.2.0 OK
r-devel-linux-x86_64-debian-gcc 1.2.0 13.69 123.69 137.38 OK
r-devel-linux-x86_64-fedora-clang 1.2.0 232.20 NOTE
r-devel-linux-x86_64-fedora-gcc 1.2.0 215.06 OK
r-devel-windows-x86_64-new-UL 1.2.0 32.00 217.00 249.00 NOTE
r-devel-windows-x86_64-new-TK 1.2.0 OK
r-devel-windows-x86_64-old 1.2.0 24.00 167.00 191.00 NOTE
r-patched-linux-x86_64 1.2.0 16.11 155.28 171.39 OK
r-patched-solaris-x86 1.2.0 264.50 NOTE
r-release-linux-x86_64 1.2.0 17.92 156.45 174.37 OK
r-release-macos-arm64 1.2.0 NOTE
r-release-macos-x86_64 1.2.0 WARN
r-release-windows-ix86+x86_64 1.2.0 41.00 207.00 248.00 NOTE
r-oldrel-macos-x86_64 1.2.0 WARN
r-oldrel-windows-ix86+x86_64 1.2.0 43.00 199.00 242.00 NOTE

Check Details

Version: 1.2.0
Check: installed package size
Result: NOTE
     installed size is 5.1Mb
     sub-directories of 1Mb or more:
     doc 4.4Mb
Flavors: r-devel-linux-x86_64-fedora-clang, r-devel-windows-x86_64-new-UL, r-devel-windows-x86_64-old, r-patched-solaris-x86, r-release-macos-arm64, r-release-macos-x86_64, r-release-windows-ix86+x86_64, r-oldrel-macos-x86_64, r-oldrel-windows-ix86+x86_64

Version: 1.2.0
Check: re-building of vignette outputs
Result: WARN
    Error(s) in re-building vignettes:
     ...
    --- re-building ‘DA.Rmd’ using rmarkdown
    Warning in engine$weave(file, quiet = quiet, encoding = enc) :
     Pandoc (>= 1.12.3) not available. Falling back to R Markdown v1.
    Quitting from lines 59-74 (DA.Rmd)
    Error: processing vignette 'DA.Rmd' failed with diagnostics:
    invalid 'path' argument
    --- failed re-building ‘DA.Rmd’
    
    SUMMARY: processing the following file failed:
     ‘DA.Rmd’
    
    Error: Vignette re-building failed.
    Execution halted
Flavors: r-release-macos-x86_64, r-oldrel-macos-x86_64