Last updated on 2023-11-30 19:51:53 CET.
Flavor | Version | Tinstall | Tcheck | Ttotal | Status | Flags |
---|---|---|---|---|---|---|
r-devel-linux-x86_64-debian-clang | 2.1.14 | 4.91 | 66.03 | 70.94 | NOTE | |
r-devel-linux-x86_64-debian-gcc | 2.1.14 | 4.17 | 51.55 | 55.72 | NOTE | |
r-devel-linux-x86_64-fedora-clang | 2.1.14 | 90.67 | OK | |||
r-devel-linux-x86_64-fedora-gcc | 2.1.14 | 111.29 | OK | |||
r-devel-windows-x86_64 | 2.1.14 | 6.00 | 95.00 | 101.00 | OK | |
r-patched-linux-x86_64 | 2.1.14 | 6.25 | 63.73 | 69.98 | OK | |
r-release-linux-x86_64 | 2.1.14 | 4.53 | 64.64 | 69.17 | OK | |
r-release-macos-arm64 | 2.1.14 | 49.00 | OK | |||
r-release-macos-x86_64 | 2.1.14 | 90.00 | OK | |||
r-release-windows-x86_64 | 2.1.14 | 8.00 | 103.00 | 111.00 | OK | |
r-oldrel-macos-arm64 | 2.1.14 | 78.00 | OK | |||
r-oldrel-macos-x86_64 | 2.1.14 | 67.00 | OK | |||
r-oldrel-windows-x86_64 | 2.1.14 | 7.00 | 94.00 | 101.00 | OK |
Version: 2.1.14
Check: Rd files
Result: NOTE
checkRd: (-1) D4TAlinkTask.Rd:13: Lost braces in \itemize; meant \describe ?
checkRd: (-1) D4TAlinkTask.Rd:14: Lost braces in \itemize; meant \describe ?
checkRd: (-1) D4TAlinkTask.Rd:15: Lost braces in \itemize; meant \describe ?
checkRd: (-1) D4TAlinkTask.Rd:16: Lost braces in \itemize; meant \describe ?
checkRd: (-1) D4TAlinkTask.Rd:17: Lost braces in \itemize; meant \describe ?
checkRd: (-1) D4TAlinkTask.Rd:18: Lost braces in \itemize; meant \describe ?
checkRd: (-1) D4TAlinkTask.Rd:19-20: Lost braces in \itemize; meant \describe ?
checkRd: (-1) D4TAlinkTask.Rd:21-22: Lost braces in \itemize; meant \describe ?
checkRd: (-1) D4TAlinkTask.Rd:23-24: Lost braces in \itemize; meant \describe ?
checkRd: (-1) D4TAlinkTask.Rd:25-26: Lost braces in \itemize; meant \describe ?
Flavors: r-devel-linux-x86_64-debian-clang, r-devel-linux-x86_64-debian-gcc