CRAN Package Check Results for Package CutpointsOEHR

Last updated on 2021-09-21 08:49:36 CEST.

Flavor Version Tinstall Tcheck Ttotal Status Flags
r-devel-linux-x86_64-debian-clang 0.1.2 2.17 22.88 25.05 OK
r-devel-linux-x86_64-debian-gcc 0.1.2 1.67 18.36 20.03 OK
r-devel-linux-x86_64-fedora-clang 0.1.2 39.93 OK
r-devel-linux-x86_64-fedora-gcc 0.1.2 29.26 OK
r-devel-windows-x86_64 0.1.2 3.00 30.00 33.00 OK
r-devel-windows-x86_64-gcc10-UCRT 0.1.2 ERROR
r-patched-linux-x86_64 0.1.2 2.01 22.31 24.32 OK
r-patched-solaris-x86 0.1.2 47.90 OK
r-release-linux-x86_64 0.1.2 2.15 22.71 24.86 OK
r-release-macos-arm64 0.1.2 OK
r-release-macos-x86_64 0.1.2 OK
r-release-windows-ix86+x86_64 0.1.2 7.00 41.00 48.00 OK
r-oldrel-macos-x86_64 0.1.2 OK
r-oldrel-windows-ix86+x86_64 0.1.2 5.00 32.00 37.00 OK

Check Details

Version: 0.1.2
Check: whether package can be installed
Result: WARN
    Found the following significant warnings:
     WARNING: installation-time patches will not be applied, could not get the patches index
Flavor: r-devel-windows-x86_64-gcc10-UCRT

Version: 0.1.2
Check: PDF version of manual
Result: WARN
    LaTeX errors when creating PDF version.
    This typically indicates Rd problems.
Flavor: r-devel-windows-x86_64-gcc10-UCRT

Version: 0.1.2
Check: PDF version of manual without hyperrefs or index
Result: ERROR
    Re-running with no redirection of stdout/stderr.
Flavor: r-devel-windows-x86_64-gcc10-UCRT