CRAN Package Check Results for Package CoxPlus

Last updated on 2020-02-27 09:49:30 CET.

Flavor Version Tinstall Tcheck Ttotal Status Flags
r-devel-linux-x86_64-debian-clang 1.1.1 53.99 27.22 81.21 OK
r-devel-linux-x86_64-debian-gcc 1.1.1 34.51 21.76 56.27 OK
r-devel-linux-x86_64-fedora-clang 1.1.1 111.66 NOTE
r-devel-linux-x86_64-fedora-gcc 1.1.1 98.73 NOTE
r-devel-windows-ix86+x86_64 1.1.1 85.00 58.00 143.00 OK
r-devel-windows-ix86+x86_64-gcc8 1.1.1 89.00 63.00 152.00 OK
r-patched-linux-x86_64 1.1.1 38.62 24.93 63.55 OK
r-patched-solaris-x86 1.1.1 103.40 OK
r-release-linux-x86_64 1.1.1 38.52 24.96 63.48 OK
r-release-windows-ix86+x86_64 1.1.1 82.00 56.00 138.00 OK
r-release-osx-x86_64 1.1.1 NOTE
r-oldrel-windows-ix86+x86_64 1.1.1 72.00 62.00 134.00 OK
r-oldrel-osx-x86_64 1.1.1 NOTE

Check Details

Version: 1.1.1
Check: installed package size
Result: NOTE
     installed size is 6.3Mb
     sub-directories of 1Mb or more:
     libs 6.2Mb
Flavors: r-devel-linux-x86_64-fedora-clang, r-release-osx-x86_64, r-oldrel-osx-x86_64

Version: 1.1.1
Check: compiled code
Result: NOTE
    File ‘CoxPlus/libs/CoxPlus.so’:
     Found no calls to: ‘R_registerRoutines’, ‘R_useDynamicSymbols’
    
    It is good practice to register native routines and to disable symbol
    search.
    
    See ‘Writing portable packages’ in the ‘Writing R Extensions’ manual.
Flavors: r-devel-linux-x86_64-fedora-clang, r-devel-linux-x86_64-fedora-gcc