CRAN Package Check Results for Package CountsEPPM

Last updated on 2021-09-23 08:50:53 CEST.

Flavor Version Tinstall Tcheck Ttotal Status Flags
r-devel-linux-x86_64-debian-clang 3.0 11.78 96.12 107.90 OK
r-devel-linux-x86_64-debian-gcc 3.0 9.04 74.08 83.12 OK
r-devel-linux-x86_64-fedora-clang 3.0 136.31 NOTE
r-devel-linux-x86_64-fedora-gcc 3.0 124.78 OK
r-devel-windows-x86_64 3.0 12.00 99.00 111.00 OK
r-devel-windows-x86_64-gcc10-UCRT 3.0 ERROR
r-patched-linux-x86_64 3.0 10.62 92.74 103.36 OK
r-patched-solaris-x86 3.0 176.90 OK
r-release-linux-x86_64 3.0 10.83 93.23 104.06 OK
r-release-macos-arm64 3.0 OK
r-release-macos-x86_64 3.0 OK
r-release-windows-ix86+x86_64 3.0 22.00 126.00 148.00 OK
r-oldrel-macos-x86_64 3.0 OK
r-oldrel-windows-ix86+x86_64 3.0 15.00 94.00 109.00 OK

Check Details

Version: 3.0
Check: Rd cross-references
Result: NOTE
    Undeclared package ‘betareg’ in Rd xrefs
Flavor: r-devel-linux-x86_64-fedora-clang

Version: 3.0
Check: PDF version of manual
Result: WARN
    LaTeX errors when creating PDF version.
    This typically indicates Rd problems.
Flavor: r-devel-windows-x86_64-gcc10-UCRT

Version: 3.0
Check: PDF version of manual without hyperrefs or index
Result: ERROR
    Re-running with no redirection of stdout/stderr.
Flavor: r-devel-windows-x86_64-gcc10-UCRT