Last updated on 2023-03-24 07:54:37 CET.
Flavor | Version | Tinstall | Tcheck | Ttotal | Status | Flags |
---|---|---|---|---|---|---|
r-devel-linux-x86_64-debian-clang | 3.5.6 | 158.38 | 183.05 | 341.43 | OK | |
r-devel-linux-x86_64-debian-gcc | 3.5.6 | 128.03 | 137.49 | 265.52 | OK | |
r-devel-linux-x86_64-fedora-clang | 3.5.6 | 504.15 | OK | |||
r-devel-linux-x86_64-fedora-gcc | 3.5.6 | 448.40 | OK | |||
r-devel-windows-x86_64 | 3.5.6 | 160.00 | 282.00 | 442.00 | OK | |
r-patched-linux-x86_64 | 3.5.6 | 143.23 | 169.19 | 312.42 | OK | |
r-release-linux-x86_64 | 3.5.6 | 135.57 | 171.65 | 307.22 | OK | |
r-release-macos-arm64 | 3.5.6 | 129.00 | NOTE | |||
r-release-macos-x86_64 | 3.5.6 | 149.00 | NOTE | |||
r-release-windows-x86_64 | 3.5.6 | 320.00 | 285.00 | 605.00 | OK | |
r-oldrel-macos-arm64 | 3.5.6 | 129.00 | NOTE | |||
r-oldrel-macos-x86_64 | 3.5.6 | 149.00 | NOTE | |||
r-oldrel-windows-ix86+x86_64 | 3.5.6 | 369.00 | 272.00 | 641.00 | NOTE |
Version: 3.5.6
Check: installed package size
Result: NOTE
installed size is 8.5Mb
sub-directories of 1Mb or more:
doc 1.9Mb
libs 5.7Mb
Flavors: r-release-macos-arm64, r-release-macos-x86_64, r-oldrel-macos-arm64, r-oldrel-macos-x86_64, r-oldrel-windows-ix86+x86_64