CRAN Package Check Results for Package CopulaREMADA

Last updated on 2024-07-22 21:56:24 CEST.

Flavor Version Tinstall Tcheck Ttotal Status Flags
r-devel-linux-x86_64-debian-clang 1.6.2 16.67 120.18 136.85 OK
r-devel-linux-x86_64-debian-gcc 1.6.2 12.42 87.09 99.51 NOTE
r-devel-linux-x86_64-fedora-clang 1.6.2 187.62 OK
r-devel-linux-x86_64-fedora-gcc 1.6.2 168.68 OK
r-devel-windows-x86_64 1.6.2 16.00 117.00 133.00 NOTE
r-patched-linux-x86_64 1.6.2 21.44 119.35 140.79 OK
r-release-linux-x86_64 1.6.2 14.10 115.36 129.46 OK
r-release-macos-arm64 1.6.2 54.00 OK
r-release-macos-x86_64 1.6.2 73.00 OK
r-release-windows-x86_64 1.6.2 16.00 121.00 137.00 OK
r-oldrel-macos-arm64 1.6.2 49.00 OK
r-oldrel-macos-x86_64 1.6.2 101.00 OK
r-oldrel-windows-x86_64 1.6.2 19.00 134.00 153.00 OK

Check Details

Version: 1.6.2
Check: Rd cross-references
Result: NOTE Found the following Rd file(s) with Rd \link{} targets missing package anchors: CopulaREMADA.Rd: meshgrid FactorCopulaREMADA.Rd: meshgrid VineCopulaREMADA.Rd: meshgrid Vuong.Rd: meshgrid hybridCopulaREMADA.Rd: meshgrid vineVuong.Rd: meshgrid Please provide package anchors for all Rd \link{} targets not in the package itself and the base packages. Flavors: r-devel-linux-x86_64-debian-gcc, r-devel-windows-x86_64