CRAN Package Check Results for Package CopulaDTA

Last updated on 2019-10-21 09:51:10 CEST.

Flavor Version Tinstall Tcheck Ttotal Status Flags
r-devel-linux-x86_64-debian-clang 1.0.0 6.99 85.63 92.62 OK
r-devel-linux-x86_64-debian-gcc 1.0.0 6.34 65.15 71.49 OK
r-devel-linux-x86_64-fedora-clang 1.0.0 109.02 OK
r-devel-linux-x86_64-fedora-gcc 1.0.0 104.12 OK
r-devel-windows-ix86+x86_64 1.0.0 15.00 92.00 107.00 OK
r-patched-linux-x86_64 1.0.0 6.65 79.84 86.49 NOTE
r-patched-solaris-x86 1.0.0 160.80 OK
r-release-linux-x86_64 1.0.0 6.20 82.00 88.20 NOTE
r-release-windows-ix86+x86_64 1.0.0 20.00 99.00 119.00 OK
r-release-osx-x86_64 1.0.0 OK
r-oldrel-windows-ix86+x86_64 1.0.0 11.00 100.00 111.00 OK
r-oldrel-osx-x86_64 1.0.0 OK

Check Details

Version: 1.0.0
Check: DESCRIPTION meta-information
Result: NOTE
    Dependence on R version ‘3.4.2’ not with patchlevel 0
Flavors: r-patched-linux-x86_64, r-release-linux-x86_64