CRAN Package Check Results for Package ConnMatTools

Last updated on 2020-07-14 09:50:23 CEST.

Flavor Version Tinstall Tcheck Ttotal Status Flags
r-devel-linux-x86_64-debian-clang 0.3.5 3.09 80.27 83.36 OK
r-devel-linux-x86_64-debian-gcc 0.3.5 2.77 58.29 61.06 OK
r-devel-linux-x86_64-fedora-clang 0.3.5 107.46 OK
r-devel-linux-x86_64-fedora-gcc 0.3.5 101.36 OK
r-devel-windows-ix86+x86_64 0.3.5 10.00 119.00 129.00 OK
r-patched-linux-x86_64 0.3.5 3.18 78.50 81.68 OK
r-patched-solaris-x86 0.3.5 122.80 OK
r-release-linux-x86_64 0.3.5 3.38 78.85 82.23 OK
r-release-macos-x86_64 0.3.5 ERROR
r-release-windows-ix86+x86_64 0.3.5 9.00 90.00 99.00 OK
r-oldrel-macos-x86_64 0.3.5 OK
r-oldrel-windows-ix86+x86_64 0.3.5 18.00 116.00 134.00 OK

Check Details

Version: 0.3.5
Check: whether package can be installed
Result: ERROR
    Installation failed.
Flavor: r-release-macos-x86_64