CRAN Package Check Results for Package ConfigParser

Last updated on 2022-01-25 07:50:02 CET.

Flavor Version Tinstall Tcheck Ttotal Status Flags
r-devel-linux-x86_64-debian-clang 1.0.0 2.40 30.20 32.60 NOTE
r-devel-linux-x86_64-debian-gcc 1.0.0 2.07 26.18 28.25 NOTE
r-devel-linux-x86_64-fedora-clang 1.0.0 41.98 NOTE
r-devel-linux-x86_64-fedora-gcc 1.0.0 31.62 NOTE
r-devel-windows-x86_64-new-UL 1.0.0 33.00 55.00 88.00 NOTE
r-devel-windows-x86_64-new-TK 1.0.0 NOTE
r-patched-linux-x86_64 1.0.0 2.35 29.37 31.72 NOTE
r-release-linux-x86_64 1.0.0 2.24 28.91 31.15 NOTE
r-release-macos-arm64 1.0.0 NOTE
r-release-macos-x86_64 1.0.0 NOTE
r-release-windows-ix86+x86_64 1.0.0 6.00 38.00 44.00 NOTE
r-oldrel-macos-x86_64 1.0.0 OK
r-oldrel-windows-ix86+x86_64 1.0.0 5.00 38.00 43.00 OK

Check Details

Version: 1.0.0
Check: LazyData
Result: NOTE
     'LazyData' is specified without a 'data' directory
Flavors: r-devel-linux-x86_64-debian-clang, r-devel-linux-x86_64-debian-gcc, r-devel-linux-x86_64-fedora-clang, r-devel-linux-x86_64-fedora-gcc, r-devel-windows-x86_64-new-UL, r-devel-windows-x86_64-new-TK, r-patched-linux-x86_64, r-release-linux-x86_64, r-release-macos-arm64, r-release-macos-x86_64, r-release-windows-ix86+x86_64