CRAN Package Check Results for Package Conake

Last updated on 2021-09-21 08:49:34 CEST.

Flavor Version Tinstall Tcheck Ttotal Status Flags
r-devel-linux-x86_64-debian-clang 1.0 1.97 21.82 23.79 NOTE
r-devel-linux-x86_64-debian-gcc 1.0 1.59 17.02 18.61 NOTE
r-devel-linux-x86_64-fedora-clang 1.0 37.72 NOTE
r-devel-linux-x86_64-fedora-gcc 1.0 27.22 NOTE
r-devel-windows-x86_64 1.0 3.00 26.00 29.00 NOTE
r-devel-windows-x86_64-gcc10-UCRT 1.0 ERROR
r-patched-linux-x86_64 1.0 2.26 20.96 23.22 NOTE
r-patched-solaris-x86 1.0 42.80 NOTE
r-release-linux-x86_64 1.0 1.95 20.86 22.81 NOTE
r-release-macos-arm64 1.0 NOTE
r-release-macos-x86_64 1.0 NOTE
r-release-windows-ix86+x86_64 1.0 5.00 34.00 39.00 NOTE
r-oldrel-macos-x86_64 1.0 NOTE
r-oldrel-windows-ix86+x86_64 1.0 4.00 31.00 35.00 NOTE

Check Details

Version: 1.0
Check: R code for possible problems
Result: NOTE
    kef: no visible global function definition for 'dgamma'
    kef: no visible global function definition for 'dlnorm'
    simp_int: no visible global function definition for 'approx'
    Undefined global functions or variables:
     approx dgamma dlnorm
    Consider adding
     importFrom("stats", "approx", "dgamma", "dlnorm")
    to your NAMESPACE file.
Flavors: r-devel-linux-x86_64-debian-clang, r-devel-linux-x86_64-debian-gcc, r-devel-linux-x86_64-fedora-clang, r-devel-linux-x86_64-fedora-gcc, r-devel-windows-x86_64, r-devel-windows-x86_64-gcc10-UCRT, r-patched-linux-x86_64, r-patched-solaris-x86, r-release-linux-x86_64, r-release-macos-arm64, r-release-macos-x86_64, r-release-windows-ix86+x86_64, r-oldrel-macos-x86_64, r-oldrel-windows-ix86+x86_64

Version: 1.0
Check: whether package can be installed
Result: WARN
    Found the following significant warnings:
     WARNING: installation-time patches will not be applied, could not get the patches index
Flavor: r-devel-windows-x86_64-gcc10-UCRT

Version: 1.0
Check: PDF version of manual
Result: WARN
    LaTeX errors when creating PDF version.
    This typically indicates Rd problems.
Flavor: r-devel-windows-x86_64-gcc10-UCRT

Version: 1.0
Check: PDF version of manual without hyperrefs or index
Result: ERROR
    Re-running with no redirection of stdout/stderr.
Flavor: r-devel-windows-x86_64-gcc10-UCRT