CRAN Package Check Results for Package Compositional

Last updated on 2021-09-22 20:49:29 CEST.

Flavor Version Tinstall Tcheck Ttotal Status Flags
r-devel-linux-x86_64-debian-clang 4.9 25.47 209.30 234.77 OK
r-devel-linux-x86_64-debian-gcc 4.9 20.66 152.97 173.63 OK
r-devel-linux-x86_64-fedora-clang 4.9 282.94 OK
r-devel-linux-x86_64-fedora-gcc 4.9 270.21 OK
r-devel-windows-x86_64 4.9 28.00 208.00 236.00 OK
r-devel-windows-x86_64-gcc10-UCRT 4.9 ERROR
r-patched-linux-x86_64 4.9 29.32 197.42 226.74 OK
r-patched-solaris-x86 4.9 356.10 OK
r-release-linux-x86_64 4.9 19.02 196.25 215.27 OK
r-release-macos-arm64 4.9 OK
r-release-macos-x86_64 4.9 OK
r-release-windows-ix86+x86_64 4.9 52.00 268.00 320.00 OK
r-oldrel-macos-x86_64 4.9 OK
r-oldrel-windows-ix86+x86_64 4.9 35.00 195.00 230.00 OK

Check Details

Version: 4.9
Check: package dependencies
Result: ERROR
    Package required but not available: 'Directional'
    
    See section 'The DESCRIPTION file' in the 'Writing R Extensions'
    manual.
Flavor: r-devel-windows-x86_64-gcc10-UCRT