CRAN Package Check Results for Package CompDist

Last updated on 2024-06-16 21:51:57 CEST.

Flavor Version Tinstall Tcheck Ttotal Status Flags
r-devel-linux-x86_64-debian-clang 1.0 3.37 30.49 33.86 OK
r-devel-linux-x86_64-debian-gcc 1.0 2.42 22.70 25.12 OK
r-devel-linux-x86_64-fedora-clang 1.0 42.25 NOTE
r-devel-linux-x86_64-fedora-gcc 1.0 39.84 NOTE
r-devel-windows-x86_64 1.0 3.00 50.00 53.00 OK
r-patched-linux-x86_64 1.0 3.67 30.00 33.67 OK
r-release-linux-x86_64 1.0 3.36 29.32 32.68 OK
r-release-macos-arm64 1.0 17.00 OK
r-release-macos-x86_64 1.0 25.00 OK
r-release-windows-x86_64 1.0 4.00 50.00 54.00 OK
r-oldrel-macos-arm64 1.0 17.00 OK
r-oldrel-macos-x86_64 1.0 23.00 OK
r-oldrel-windows-x86_64 1.0 4.00 50.00 54.00 OK

Check Details

Version: 1.0
Check: dependencies in R code
Result: NOTE Namespaces in Imports field not imported from: ‘PearsonDS’ ‘VGAM’ ‘actuar’ ‘fExtremes’ ‘rmutil’ All declared Imports should be used. Flavors: r-devel-linux-x86_64-fedora-clang, r-devel-linux-x86_64-fedora-gcc