CRAN Package Check Results for Package CoOL

Last updated on 2021-09-16 08:50:27 CEST.

Flavor Version Tinstall Tcheck Ttotal Status Flags
r-devel-linux-x86_64-debian-clang 1.0.3 52.22 151.46 203.68 OK
r-devel-linux-x86_64-debian-gcc 1.0.3 34.29 111.09 145.38 OK
r-devel-linux-x86_64-fedora-clang 1.0.3 256.59 OK
r-devel-linux-x86_64-fedora-gcc 1.0.3 236.81 OK
r-devel-windows-x86_64 1.0.3 46.00 182.00 228.00 OK
r-devel-windows-x86_64-gcc10-UCRT 1.0.3 OK
r-patched-linux-x86_64 1.0.3 42.73 141.75 184.48 OK
r-patched-solaris-x86 1.0.3 324.70 OK
r-release-linux-x86_64 1.0.3 42.49 141.61 184.10 OK
r-release-macos-arm64 1.0.3 NOTE
r-release-macos-x86_64 1.0.3 NOTE
r-release-windows-ix86+x86_64 1.0.3 116.00 243.00 359.00 OK
r-oldrel-macos-x86_64 1.0.3 NOTE
r-oldrel-windows-ix86+x86_64 1.0.3 105.00 209.00 314.00 OK

Check Details

Version: 1.0.3
Check: package dependencies
Result: NOTE
    Package suggested but not available for checking: ‘ggtree’
Flavors: r-release-macos-arm64, r-release-macos-x86_64, r-oldrel-macos-x86_64