CRAN Package Check Results for Package ClustGeo

Last updated on 2025-01-25 07:50:21 CET.

Flavor Version Tinstall Tcheck Ttotal Status Flags
r-devel-linux-x86_64-debian-clang 2.1 2.29 32.15 34.44 OK
r-devel-linux-x86_64-debian-gcc 2.1 1.59 25.65 27.24 OK
r-devel-linux-x86_64-fedora-clang 2.1 58.76 NOTE
r-devel-linux-x86_64-fedora-gcc 2.1 76.97 NOTE
r-devel-windows-x86_64 2.1 5.00 70.00 75.00 OK
r-patched-linux-x86_64 2.1 2.34 30.81 33.15 OK
r-release-linux-x86_64 2.1 2.14 30.91 33.05 OK
r-release-macos-arm64 2.1 26.00 OK
r-release-macos-x86_64 2.1 39.00 OK
r-release-windows-x86_64 2.1 4.00 53.00 57.00 OK
r-oldrel-macos-arm64 2.1 27.00 OK
r-oldrel-macos-x86_64 2.1 40.00 OK
r-oldrel-windows-x86_64 2.1 4.00 64.00 68.00 OK

Check Details

Version: 2.1
Check: dependencies in R code
Result: NOTE Namespaces in Imports field not imported from: ‘sp’ ‘spdep’ All declared Imports should be used. Flavors: r-devel-linux-x86_64-fedora-clang, r-devel-linux-x86_64-fedora-gcc