CRAN Package Check Results for Package ClussCluster

Last updated on 2024-02-23 07:52:04 CET.

Flavor Version Tinstall Tcheck Ttotal Status Flags
r-devel-linux-x86_64-debian-clang 0.1.0 OK
r-devel-linux-x86_64-debian-gcc 0.1.0 5.32 51.37 56.69 OK
r-devel-linux-x86_64-fedora-clang 0.1.0 93.70 NOTE
r-devel-linux-x86_64-fedora-gcc 0.1.0 100.62 NOTE
r-devel-windows-x86_64 0.1.0 7.00 70.00 77.00 OK
r-patched-linux-x86_64 0.1.0 6.28 65.65 71.93 OK
r-release-linux-x86_64 0.1.0 6.88 64.76 71.64 OK
r-release-macos-arm64 0.1.0 38.00 OK
r-release-macos-x86_64 0.1.0 57.00 OK
r-release-windows-x86_64 0.1.0 9.00 79.00 88.00 OK
r-oldrel-macos-arm64 0.1.0 29.00 NOTE
r-oldrel-windows-x86_64 0.1.0 11.00 83.00 94.00 OK

Check Details

Version: 0.1.0
Check: dependencies in R code
Result: NOTE Namespace in Imports field not imported from: ‘utils’ All declared Imports should be used. Flavors: r-devel-linux-x86_64-fedora-clang, r-devel-linux-x86_64-fedora-gcc, r-oldrel-macos-arm64