CRAN Package Check Results for Package CircularDDM

Last updated on 2021-09-22 08:50:00 CEST.

Flavor Version Tinstall Tcheck Ttotal Status Flags
r-devel-linux-x86_64-debian-clang 0.1.0 31.52 26.78 58.30 NOTE
r-devel-linux-x86_64-debian-gcc 0.1.0 22.70 21.11 43.81 NOTE
r-devel-linux-x86_64-fedora-clang 0.1.0 90.26 NOTE
r-devel-linux-x86_64-fedora-gcc 0.1.0 74.17 NOTE
r-devel-windows-x86_64 0.1.0 31.00 44.00 75.00 NOTE
r-devel-windows-x86_64-gcc10-UCRT 0.1.0 ERROR
r-patched-linux-x86_64 0.1.0 28.83 26.30 55.13 NOTE
r-patched-solaris-x86 0.1.0 87.90 NOTE
r-release-linux-x86_64 0.1.0 25.58 25.73 51.31 NOTE
r-release-macos-arm64 0.1.0 NOTE
r-release-macos-x86_64 0.1.0 NOTE
r-release-windows-ix86+x86_64 0.1.0 79.00 69.00 148.00 NOTE
r-oldrel-macos-x86_64 0.1.0 OK
r-oldrel-windows-ix86+x86_64 0.1.0 57.00 53.00 110.00 OK

Check Details

Version: 0.1.0
Check: LazyData
Result: NOTE
     'LazyData' is specified without a 'data' directory
Flavors: r-devel-linux-x86_64-debian-clang, r-devel-linux-x86_64-debian-gcc, r-devel-linux-x86_64-fedora-clang, r-devel-linux-x86_64-fedora-gcc, r-devel-windows-x86_64, r-patched-linux-x86_64, r-patched-solaris-x86, r-release-linux-x86_64, r-release-macos-arm64, r-release-macos-x86_64, r-release-windows-ix86+x86_64

Version: 0.1.0
Check: whether package can be installed
Result: ERROR
    Installation failed.
Flavor: r-devel-windows-x86_64-gcc10-UCRT