CRAN Package Check Results for Package CircSpaceTime

Last updated on 2021-10-17 12:52:38 CEST.

Flavor Version Tinstall Tcheck Ttotal Status Flags
r-devel-linux-x86_64-debian-clang 0.9.0 151.87 48.00 199.87 OK
r-devel-linux-x86_64-debian-gcc 0.9.0 113.61 36.72 150.33 OK
r-devel-linux-x86_64-fedora-clang 0.9.0 329.01 NOTE
r-devel-linux-x86_64-fedora-gcc 0.9.0 280.08 NOTE
r-devel-windows-x86_64 0.9.0 212.00 88.00 300.00 OK
r-devel-windows-x86_64-gcc10-UCRT 0.9.0 NOTE
r-patched-linux-x86_64 0.9.0 142.47 45.93 188.40 OK
r-patched-solaris-x86 0.9.0 267.00 NOTE
r-release-linux-x86_64 0.9.0 138.46 45.84 184.30 OK
r-release-macos-arm64 0.9.0 NOTE
r-release-macos-x86_64 0.9.0 NOTE
r-release-windows-ix86+x86_64 0.9.0 332.00 125.00 457.00 NOTE
r-oldrel-macos-x86_64 0.9.0 NOTE
r-oldrel-windows-ix86+x86_64 0.9.0 407.00 133.00 540.00 NOTE

Check Details

Version: 0.9.0
Check: installed package size
Result: NOTE
     installed size is 7.3Mb
     sub-directories of 1Mb or more:
     data 1.8Mb
     libs 4.9Mb
Flavors: r-devel-linux-x86_64-fedora-clang, r-release-macos-arm64, r-release-macos-x86_64, r-release-windows-ix86+x86_64, r-oldrel-macos-x86_64, r-oldrel-windows-ix86+x86_64

Version: 0.9.0
Check: dependencies in R code
Result: NOTE
    Namespaces in Imports field not imported from:
     ‘RInside’ ‘circular’
     All declared Imports should be used.
Flavors: r-devel-linux-x86_64-fedora-clang, r-devel-linux-x86_64-fedora-gcc, r-devel-windows-x86_64-gcc10-UCRT, r-patched-solaris-x86, r-release-macos-arm64, r-release-macos-x86_64, r-oldrel-macos-x86_64