Last updated on 2023-03-30 08:53:32 CEST.
Flavor | Version | Tinstall | Tcheck | Ttotal | Status | Flags |
---|---|---|---|---|---|---|
r-devel-linux-x86_64-debian-clang | 1.1.1 | 7.33 | 55.01 | 62.34 | OK | |
r-devel-linux-x86_64-debian-gcc | 1.1.1 | 5.44 | 40.90 | 46.34 | OK | |
r-devel-linux-x86_64-fedora-clang | 1.1.1 | 77.35 | NOTE | |||
r-devel-linux-x86_64-fedora-gcc | 1.1.1 | 74.44 | NOTE | |||
r-devel-windows-x86_64 | 1.1.1 | 29.00 | 0.00 | 29.00 | OK | |
r-patched-linux-x86_64 | 1.1.1 | 7.48 | 50.41 | 57.89 | OK | |
r-release-linux-x86_64 | 1.1.1 | 5.66 | 50.62 | 56.28 | OK | |
r-release-macos-arm64 | 1.1.1 | 26.00 | NOTE | |||
r-release-macos-x86_64 | 1.1.1 | 46.00 | NOTE | |||
r-release-windows-x86_64 | 1.1.1 | 7.00 | 82.00 | 89.00 | OK | |
r-oldrel-macos-arm64 | 1.1.1 | 121.00 | NOTE | |||
r-oldrel-macos-x86_64 | 1.1.1 | 36.00 | NOTE | |||
r-oldrel-windows-ix86+x86_64 | 1.1.1 | 19.00 | 81.00 | 100.00 | OK |
Version: 1.1.1
Check: data for non-ASCII characters
Result: NOTE
Note: found 8119 marked UTF-8 strings
Flavors: r-devel-linux-x86_64-fedora-clang, r-devel-linux-x86_64-fedora-gcc, r-release-macos-arm64, r-release-macos-x86_64, r-oldrel-macos-arm64, r-oldrel-macos-x86_64