Last updated on 2021-01-26 07:50:11 CET.
Flavor | Version | Tinstall | Tcheck | Ttotal | Status | Flags |
---|---|---|---|---|---|---|
r-devel-linux-x86_64-debian-clang | 1.2.1 | 3.44 | 27.76 | 31.20 | OK | |
r-devel-linux-x86_64-debian-gcc | 1.2.1 | 2.69 | 21.77 | 24.46 | OK | |
r-devel-linux-x86_64-fedora-clang | 1.2.1 | 47.05 | OK | |||
r-devel-linux-x86_64-fedora-gcc | 1.2.1 | 39.90 | OK | |||
r-devel-windows-ix86+x86_64 | 1.2.1 | 11.00 | 56.00 | 67.00 | OK | |
r-patched-linux-x86_64 | 1.2.1 | 3.55 | 26.68 | 30.23 | OK | |
r-patched-solaris-x86 | 1.2.1 | 75.60 | OK | |||
r-release-linux-x86_64 | 1.2.1 | 3.19 | 26.98 | 30.17 | OK | |
r-release-macos-x86_64 | 1.2.1 | NOTE | ||||
r-release-windows-ix86+x86_64 | 1.2.1 | 11.00 | 43.00 | 54.00 | OK | |
r-oldrel-macos-x86_64 | 1.2.1 | NOTE | ||||
r-oldrel-windows-ix86+x86_64 | 1.2.1 | 8.00 | 51.00 | 59.00 | OK |
Version: 1.2.1
Check: package dependencies
Result: NOTE
Package suggested but not available for checking: ‘pbdMPI’
Flavors: r-release-macos-x86_64, r-oldrel-macos-x86_64