CRAN Package Check Results for Package Census2016

Last updated on 2024-02-26 19:50:04 CET.

Flavor Version Tinstall Tcheck Ttotal Status Flags
r-devel-linux-x86_64-debian-clang 0.2.0 8.02 47.27 55.29 OK
r-devel-linux-x86_64-debian-gcc 0.2.0 6.77 36.66 43.43 OK
r-devel-linux-x86_64-fedora-clang 0.2.0 72.96 NOTE
r-devel-linux-x86_64-fedora-gcc 0.2.0 81.27 NOTE
r-devel-windows-x86_64 0.2.0 9.00 78.00 87.00 OK
r-patched-linux-x86_64 0.2.0 7.76 47.10 54.86 OK
r-release-linux-x86_64 0.2.0 8.94 46.08 55.02 OK
r-release-macos-arm64 0.2.0 32.00 OK
r-release-macos-x86_64 0.2.0 52.00 OK
r-release-windows-x86_64 0.2.0 11.00 77.00 88.00 OK
r-oldrel-macos-arm64 0.2.0 29.00 OK
r-oldrel-windows-x86_64 0.2.0 12.00 86.00 98.00 OK

Check Details

Version: 0.2.0
Check: dependencies in R code
Result: NOTE Namespace in Imports field not imported from: ‘data.table’ All declared Imports should be used. Flavors: r-devel-linux-x86_64-fedora-clang, r-devel-linux-x86_64-fedora-gcc