CRAN Package Check Results for Package CeRNASeek

Last updated on 2020-07-14 09:50:22 CEST.

Flavor Version Tinstall Tcheck Ttotal Status Flags
r-devel-linux-x86_64-debian-clang 2.1.3 10.71 72.89 83.60 OK
r-devel-linux-x86_64-debian-gcc 2.1.3 7.81 57.78 65.59 OK
r-devel-linux-x86_64-fedora-clang 2.1.3 114.15 OK
r-devel-linux-x86_64-fedora-gcc 2.1.3 110.66 OK
r-devel-windows-ix86+x86_64 2.1.3 30.00 108.00 138.00 OK
r-patched-linux-x86_64 2.1.3 8.99 72.47 81.46 OK
r-patched-solaris-x86 2.1.3 152.30 OK
r-release-linux-x86_64 2.1.3 9.03 73.82 82.85 OK
r-release-macos-x86_64 2.1.3 FAIL
r-release-windows-ix86+x86_64 2.1.3 22.00 83.00 105.00 OK
r-oldrel-macos-x86_64 2.1.3 OK
r-oldrel-windows-ix86+x86_64 2.1.3 19.00 105.00 124.00 OK

Check Details

Version: 2.1.3
Check: DESCRIPTION meta-information
Result: FAIL
Flavor: r-release-macos-x86_64