CRAN Package Check Results for Package CePa

Last updated on 2020-07-14 09:50:22 CEST.

Flavor Version Tinstall Tcheck Ttotal Status Flags
r-devel-linux-x86_64-debian-clang 0.7.0 6.66 70.79 77.45 OK
r-devel-linux-x86_64-debian-gcc 0.7.0 6.18 56.08 62.26 OK
r-devel-linux-x86_64-fedora-clang 0.7.0 109.76 OK
r-devel-linux-x86_64-fedora-gcc 0.7.0 103.72 OK
r-devel-windows-ix86+x86_64 0.7.0 19.00 112.00 131.00 OK
r-patched-linux-x86_64 0.7.0 6.97 70.18 77.15 OK
r-patched-solaris-x86 0.7.0 134.00 OK
r-release-linux-x86_64 0.7.0 7.36 71.48 78.84 OK
r-release-macos-x86_64 0.7.0 FAIL
r-release-windows-ix86+x86_64 0.7.0 20.00 88.00 108.00 OK
r-oldrel-macos-x86_64 0.7.0 OK
r-oldrel-windows-ix86+x86_64 0.7.0 17.00 106.00 123.00 OK

Check Details

Version: 0.7.0
Check: DESCRIPTION meta-information
Result: FAIL
Flavor: r-release-macos-x86_64