CRAN Package Check Results for Package CaseBasedReasoning

Last updated on 2019-08-23 10:48:09 CEST.

Flavor Version Tinstall Tcheck Ttotal Status Flags
r-devel-linux-x86_64-debian-clang 0.1 69.54 48.78 118.32 WARN
r-devel-linux-x86_64-debian-gcc 0.1 56.98 37.85 94.83 WARN
r-devel-linux-x86_64-fedora-clang 0.1 180.88 WARN
r-devel-linux-x86_64-fedora-gcc 0.1 174.62 WARN
r-devel-windows-ix86+x86_64 0.1 183.00 76.00 259.00 WARN
r-patched-linux-x86_64 0.1 68.72 46.53 115.25 OK
r-patched-solaris-x86 0.1 177.30 NOTE
r-release-linux-x86_64 0.1 70.03 46.05 116.08 OK
r-release-windows-ix86+x86_64 0.1 263.00 108.00 371.00 NOTE
r-release-osx-x86_64 0.1 NOTE
r-oldrel-windows-ix86+x86_64 0.1 212.00 93.00 305.00 NOTE
r-oldrel-osx-x86_64 0.1 NOTE

Check Details

Version: 0.1
Check: whether package can be installed
Result: WARN
    Found the following significant warnings:
     kNN.cpp:25:19: warning: 'sort_index<arma::Mat<double> >' is deprecated [-Wdeprecated-declarations]
     order.cpp:26:21: warning: 'sort_index<arma::subview<double> >' is deprecated [-Wdeprecated-declarations]
     order.cpp:75:28: warning: 'sort_index<arma::Mat<double> >' is deprecated [-Wdeprecated-declarations]
Flavors: r-devel-linux-x86_64-debian-clang, r-devel-linux-x86_64-fedora-clang

Version: 0.1
Check: whether package can be installed
Result: WARN
    Found the following significant warnings:
     kNN.cpp:25:52: warning: ‘const arma::mtOp<unsigned int, T1, arma::op_sort_index> arma::sort_index(const arma::Base<typename T1::elem_type, T1>&, arma::uword) [with T1 = arma::Mat<double>; typename T1::elem_type = double; arma::uword = unsigned int]’ is deprecated [-Wdeprecated-declarations]
     order.cpp:26:57: warning: ‘const arma::mtOp<unsigned int, T1, arma::op_sort_index> arma::sort_index(const arma::Base<typename T1::elem_type, T1>&, arma::uword) [with T1 = arma::subview<double>; typename T1::elem_type = double; arma::uword = unsigned int]’ is deprecated [-Wdeprecated-declarations]
     order.cpp:75:55: warning: ‘const arma::mtOp<unsigned int, T1, arma::op_sort_index> arma::sort_index(const arma::Base<typename T1::elem_type, T1>&, arma::uword) [with T1 = arma::Mat<double>; typename T1::elem_type = double; arma::uword = unsigned int]’ is deprecated [-Wdeprecated-declarations]
Flavors: r-devel-linux-x86_64-debian-gcc, r-devel-linux-x86_64-fedora-gcc

Version: 0.1
Check: installed package size
Result: NOTE
     installed size is 7.2Mb
     sub-directories of 1Mb or more:
     doc 3.5Mb
     libs 3.2Mb
Flavors: r-devel-linux-x86_64-fedora-clang, r-devel-windows-ix86+x86_64, r-release-windows-ix86+x86_64, r-release-osx-x86_64, r-oldrel-windows-ix86+x86_64, r-oldrel-osx-x86_64

Version: 0.1
Check: dependencies in R code
Result: NOTE
    Namespaces in Imports field not imported from:
     ‘Rcpp’ ‘cowplot’ ‘dplyr’ ‘ranger’ ‘rms’ ‘survival’ ‘tidyverse’
     All declared Imports should be used.
Flavors: r-devel-linux-x86_64-fedora-clang, r-devel-linux-x86_64-fedora-gcc, r-patched-solaris-x86, r-release-osx-x86_64, r-oldrel-osx-x86_64

Version: 0.1
Check: whether package can be installed
Result: WARN
    Found the following significant warnings:
     kNN.cpp:25:52: warning: 'const arma::mtOp<unsigned int, T1, arma::op_sort_index> arma::sort_index(const arma::Base<typename T1::elem_type, T1>&, arma::uword) [with T1 = arma::Mat<double>; typename T1::elem_type = double; arma::uword = unsigned int]' is deprecated (declared at d:/RCompile/CRANpkg/lib/3.7/RcppArmadillo/include/armadillo_bits/fn_sort_index.hpp:43) [-Wdeprecated-declarations]
     order.cpp:26:57: warning: 'const arma::mtOp<unsigned int, T1, arma::op_sort_index> arma::sort_index(const arma::Base<typename T1::elem_type, T1>&, arma::uword) [with T1 = arma::subview<double>; typename T1::elem_type = double; arma::uword = unsigned int]' is deprecated (declared at d:/RCompile/CRANpkg/lib/3.7/RcppArmadillo/include/armadillo_bits/fn_sort_index.hpp:43) [-Wdeprecated-declarations]
     order.cpp:75:55: warning: 'const arma::mtOp<unsigned int, T1, arma::op_sort_index> arma::sort_index(const arma::Base<typename T1::elem_type, T1>&, arma::uword) [with T1 = arma::Mat<double>; typename T1::elem_type = double; arma::uword = unsigned int]' is deprecated (declared at d:/RCompile/CRANpkg/lib/3.7/RcppArmadillo/include/armadillo_bits/fn_sort_index.hpp:43) [-Wdeprecated-declarations]
Flavor: r-devel-windows-ix86+x86_64