CRAN Package Check Results for Package Canopy

Last updated on 2021-12-04 07:50:16 CET.

Flavor Version Tinstall Tcheck Ttotal Status Flags
r-devel-linux-x86_64-debian-clang 1.3.0 15.51 168.85 184.36 NOTE
r-devel-linux-x86_64-debian-gcc 1.3.0 9.79 132.30 142.09 NOTE
r-devel-linux-x86_64-fedora-clang 1.3.0 230.80 NOTE
r-devel-linux-x86_64-fedora-gcc 1.3.0 229.39 NOTE
r-devel-windows-x86_64-new-UL 1.3.0 26.00 227.00 253.00 OK
r-devel-windows-x86_64-new-TK 1.3.0 OK
r-devel-windows-x86_64-old 1.3.0 21.00 150.00 171.00 OK
r-patched-linux-x86_64 1.3.0 14.32 159.36 173.68 NOTE
r-release-linux-x86_64 1.3.0 13.34 160.03 173.37 NOTE
r-release-macos-arm64 1.3.0 OK
r-release-macos-x86_64 1.3.0 OK
r-release-windows-ix86+x86_64 1.3.0 27.00 212.00 239.00 OK
r-oldrel-macos-x86_64 1.3.0 OK
r-oldrel-windows-ix86+x86_64 1.3.0 27.00 214.00 241.00 OK

Check Details

Version: 1.3.0
Check: for non-standard things in the check directory
Result: NOTE
    Found the following files/directories:
     'MDA231_tree.pdf'
Flavors: r-devel-linux-x86_64-debian-clang, r-devel-linux-x86_64-debian-gcc, r-devel-linux-x86_64-fedora-clang, r-devel-linux-x86_64-fedora-gcc, r-patched-linux-x86_64, r-release-linux-x86_64