CRAN Package Check Results for Package CamelUp

Last updated on 2024-02-27 19:54:33 CET.

Flavor Version Tinstall Tcheck Ttotal Status Flags
r-devel-linux-x86_64-debian-clang 2.0.3 122.32 87.42 209.74 NOTE
r-devel-linux-x86_64-debian-gcc 2.0.3 101.00 63.71 164.71 NOTE
r-devel-linux-x86_64-fedora-clang 2.0.3 307.15 NOTE
r-devel-linux-x86_64-fedora-gcc 2.0.3 303.66 NOTE
r-devel-windows-x86_64 2.0.3 96.00 96.00 192.00 NOTE
r-patched-linux-x86_64 2.0.3 134.00 81.87 215.87 NOTE
r-release-linux-x86_64 2.0.3 132.36 84.13 216.49 NOTE
r-release-macos-arm64 2.0.3 77.00 NOTE
r-release-macos-x86_64 2.0.3 107.00 NOTE
r-release-windows-x86_64 2.0.3 122.00 126.00 248.00 NOTE
r-oldrel-macos-arm64 2.0.3 70.00 NOTE
r-oldrel-windows-x86_64 2.0.3 109.00 123.00 232.00 NOTE

Check Details

Version: 2.0.3
Check: LazyData
Result: NOTE 'LazyData' is specified without a 'data' directory Flavors: r-devel-linux-x86_64-debian-clang, r-devel-linux-x86_64-debian-gcc, r-devel-linux-x86_64-fedora-clang, r-devel-linux-x86_64-fedora-gcc, r-devel-windows-x86_64, r-patched-linux-x86_64, r-release-linux-x86_64, r-release-macos-arm64, r-release-macos-x86_64, r-release-windows-x86_64, r-oldrel-macos-arm64, r-oldrel-windows-x86_64

Version: 2.0.3
Check: installed package size
Result: NOTE installed size is 11.0Mb sub-directories of 1Mb or more: libs 10.7Mb Flavors: r-release-macos-arm64, r-release-macos-x86_64, r-oldrel-macos-arm64